Last updated on 2023-09-22 08:55:52 CEST.
Flavor | Version | Tinstall | Tcheck | Ttotal | Status | Flags |
---|---|---|---|---|---|---|
r-devel-linux-x86_64-debian-clang | 0.3.7-6 | 30.46 | 455.21 | 485.67 | NOTE | |
r-devel-linux-x86_64-debian-gcc | 0.3.7-6 | 24.98 | 328.30 | 353.28 | NOTE | |
r-devel-linux-x86_64-fedora-clang | 0.3.7-6 | 581.90 | NOTE | |||
r-devel-linux-x86_64-fedora-gcc | 0.3.7-6 | 580.79 | NOTE | |||
r-devel-windows-x86_64 | 0.3.7-6 | 27.00 | 373.00 | 400.00 | NOTE | |
r-patched-linux-x86_64 | 0.3.7-6 | 53.88 | 432.32 | 486.20 | OK | |
r-release-linux-x86_64 | 0.3.7-6 | 28.92 | 429.81 | 458.73 | OK | |
r-release-macos-arm64 | 0.3.7-6 | 166.00 | OK | |||
r-release-macos-x86_64 | 0.3.7-6 | 242.00 | OK | |||
r-release-windows-x86_64 | 0.3.7-6 | 35.00 | 458.00 | 493.00 | OK | |
r-oldrel-macos-arm64 | 0.3.7-6 | 141.00 | OK | |||
r-oldrel-macos-x86_64 | 0.3.7-6 | 173.00 | OK | |||
r-oldrel-windows-x86_64 | 0.3.7-6 | 37.00 | 433.00 | 470.00 | OK |
Version: 0.3.7-6
Check: Rd \usage sections
Result: NOTE
Documented arguments not in \usage in documentation object 'cpoTemplate':
‘affect.names’
Functions with \usage entries need to have the appropriate \alias
entries, and all their arguments documented.
The \usage entries must correspond to syntactically valid R code.
See chapter ‘Writing R documentation files’ in the ‘Writing R
Extensions’ manual.
Flavors: r-devel-linux-x86_64-debian-clang, r-devel-linux-x86_64-debian-gcc, r-devel-linux-x86_64-fedora-clang, r-devel-linux-x86_64-fedora-gcc, r-devel-windows-x86_64