Last updated on 2023-10-01 19:57:50 CEST.
Flavor | Version | Tinstall | Tcheck | Ttotal | Status | Flags |
---|---|---|---|---|---|---|
r-devel-linux-x86_64-debian-clang | 0.16.1 | 36.30 | 390.91 | 427.21 | NOTE | |
r-devel-linux-x86_64-debian-gcc | 0.16.1 | 29.54 | 283.75 | 313.29 | NOTE | |
r-devel-linux-x86_64-fedora-clang | 0.16.1 | 536.50 | NOTE | |||
r-devel-linux-x86_64-fedora-gcc | 0.16.1 | 524.95 | NOTE | |||
r-devel-windows-x86_64 | 0.16.1 | 29.00 | 310.00 | 339.00 | NOTE | |
r-patched-linux-x86_64 | 0.16.1 | 55.16 | 366.82 | 421.98 | OK | |
r-release-linux-x86_64 | 0.16.1 | 28.49 | 376.70 | 405.19 | OK | |
r-release-macos-arm64 | 0.16.1 | 117.00 | OK | |||
r-release-macos-x86_64 | 0.16.1 | 405.00 | OK | |||
r-release-windows-x86_64 | 0.16.1 | 39.00 | 412.00 | 451.00 | OK | |
r-oldrel-macos-arm64 | 0.16.1 | 107.00 | OK | |||
r-oldrel-macos-x86_64 | 0.16.1 | 159.00 | OK | |||
r-oldrel-windows-x86_64 | 0.16.1 | 42.00 | 377.00 | 419.00 | OK |
Version: 0.16.1
Check: Rd \usage sections
Result: NOTE
Documented arguments not in \usage in documentation object 'mlr_assertions':
‘resample_result’
Functions with \usage entries need to have the appropriate \alias
entries, and all their arguments documented.
The \usage entries must correspond to syntactically valid R code.
See chapter ‘Writing R documentation files’ in the ‘Writing R
Extensions’ manual.
Flavors: r-devel-linux-x86_64-debian-clang, r-devel-linux-x86_64-debian-gcc, r-devel-linux-x86_64-fedora-clang, r-devel-linux-x86_64-fedora-gcc, r-devel-windows-x86_64