Last updated on 2024-04-19 19:50:19 CEST.
Flavor | Version | Tinstall | Tcheck | Ttotal | Status | Flags |
---|---|---|---|---|---|---|
r-devel-linux-x86_64-debian-clang | 4.3.0.1 | 2748.78 | 69.48 | 2818.26 | OK | |
r-devel-linux-x86_64-debian-gcc | 4.3.0.1 | OK | ||||
r-devel-linux-x86_64-fedora-clang | 4.3.0.1 | 4001.81 | NOTE | |||
r-devel-linux-x86_64-fedora-gcc | 4.3.0.1 | 4488.97 | OK | |||
r-prerel-macos-arm64 | 4.3.0.1 | 795.00 | NOTE | |||
r-prerel-macos-x86_64 | 4.3.0.1 | 688.00 | NOTE | |||
r-prerel-windows-x86_64 | 4.3.0.1 | 1852.00 | 216.00 | 2068.00 | NOTE | |
r-patched-linux-x86_64 | 4.3.0.1 | 2765.44 | 65.36 | 2830.80 | OK | |
r-release-linux-x86_64 | 4.3.0.1 | 2724.74 | 66.05 | 2790.79 | OK | |
r-release-macos-arm64 | 4.3.0.1 | 840.00 | NOTE | |||
r-release-macos-x86_64 | 4.3.0.1 | 674.00 | NOTE | |||
r-release-windows-x86_64 | 4.3.0.1 | 1944.00 | 260.00 | 2204.00 | NOTE | |
r-oldrel-macos-arm64 | 4.3.0.1 | 817.00 | NOTE | |||
r-oldrel-windows-x86_64 | 4.3.0.1 | 2292.00 | 223.00 | 2515.00 | NOTE |
Version: 4.3.0.1
Check: installed package size
Result: NOTE
installed size is 35.6Mb
sub-directories of 1Mb or more:
include 10.1Mb
libs 25.0Mb
Flavors: r-devel-linux-x86_64-fedora-clang, r-prerel-macos-arm64, r-prerel-macos-x86_64, r-prerel-windows-x86_64, r-release-macos-arm64, r-release-macos-x86_64, r-release-windows-x86_64, r-oldrel-macos-arm64, r-oldrel-windows-x86_64