Last updated on 2023-10-01 08:52:04 CEST.
Flavor | Version | Tinstall | Tcheck | Ttotal | Status | Flags |
---|---|---|---|---|---|---|
r-devel-linux-x86_64-debian-clang | 1.1.1 | 14.58 | 159.12 | 173.70 | NOTE | |
r-devel-linux-x86_64-debian-gcc | 1.1.1 | 12.67 | 115.11 | 127.78 | NOTE | |
r-devel-linux-x86_64-fedora-clang | 1.1.1 | 230.11 | NOTE | |||
r-devel-linux-x86_64-fedora-gcc | 1.1.1 | 218.29 | NOTE | |||
r-devel-windows-x86_64 | 1.1.1 | 16.00 | 145.00 | 161.00 | NOTE | |
r-patched-linux-x86_64 | 1.1.1 | 11.87 | 155.02 | 166.89 | NOTE | |
r-release-linux-x86_64 | 1.1.1 | 13.25 | 156.00 | 169.25 | NOTE | |
r-release-macos-arm64 | 1.1.1 | 68.00 | NOTE | |||
r-release-macos-x86_64 | 1.1.1 | 107.00 | NOTE | |||
r-release-windows-x86_64 | 1.1.1 | 21.00 | 175.00 | 196.00 | NOTE | |
r-oldrel-macos-arm64 | 1.1.1 | 65.00 | NOTE | |||
r-oldrel-macos-x86_64 | 1.1.1 | 128.00 | NOTE | |||
r-oldrel-windows-x86_64 | 1.1.1 | 21.00 | 165.00 | 186.00 | NOTE |
Version: 1.1.1
Check: package dependencies
Result: NOTE
Packages suggested but not available for checking:
'ueadata1', 'ueadata2', 'ueadata3', 'ueadata4', 'ueadata5',
'ueadata6', 'ueadata7', 'ueadata8'
Flavors: r-devel-linux-x86_64-debian-clang, r-devel-linux-x86_64-debian-gcc, r-devel-linux-x86_64-fedora-gcc, r-devel-windows-x86_64, r-patched-linux-x86_64, r-release-linux-x86_64, r-release-macos-arm64, r-release-macos-x86_64, r-release-windows-x86_64, r-oldrel-macos-arm64, r-oldrel-macos-x86_64, r-oldrel-windows-x86_64
Version: 1.1.1
Check: package dependencies
Result: NOTE
Packages suggested but not available for checking:
'ueadata1', 'ueadata2', 'ueadata3', 'ueadata4', 'ueadata5',
'ueadata6', 'ueadata7', 'ueadata8'
Imports includes 32 non-default packages.
Importing from so many packages makes the package vulnerable to any of
them becoming unavailable. Move as many as possible to Suggests and
use conditionally.
Flavor: r-devel-linux-x86_64-fedora-clang
Version: 1.1.1
Check: dependencies in R code
Result: NOTE
Namespaces in Imports field not imported from:
‘ClusterR’ ‘MASS’ ‘Rdpack’ ‘multiwave’ ‘randomForest’ ‘ranger’
All declared Imports should be used.
Flavors: r-devel-linux-x86_64-fedora-clang, r-devel-linux-x86_64-fedora-gcc