Last updated on 2024-04-23 07:51:11 CEST.
Flavor | Version | Tinstall | Tcheck | Ttotal | Status | Flags |
---|---|---|---|---|---|---|
r-devel-linux-x86_64-debian-clang | 3.1.9 | 6.75 | 41.71 | 48.46 | NOTE | |
r-devel-linux-x86_64-debian-gcc | 3.1.9 | 5.14 | 32.49 | 37.63 | NOTE | |
r-devel-linux-x86_64-fedora-clang | 3.1.9 | 61.35 | NOTE | |||
r-devel-linux-x86_64-fedora-gcc | 3.1.9 | 71.10 | NOTE | |||
r-prerel-macos-arm64 | 3.1.9 | 30.00 | NOTE | |||
r-prerel-windows-x86_64 | 3.1.9 | 12.00 | 71.00 | 83.00 | NOTE | |
r-patched-linux-x86_64 | 3.1.9 | 6.94 | 40.61 | 47.55 | NOTE | |
r-release-linux-x86_64 | 3.1.9 | 6.72 | 37.14 | 43.86 | NOTE | |
r-release-macos-arm64 | 3.1.9 | 30.00 | NOTE | |||
r-release-macos-x86_64 | 3.1.9 | 45.00 | NOTE | |||
r-release-windows-x86_64 | 3.1.9 | 10.00 | 73.00 | 83.00 | NOTE | |
r-oldrel-macos-arm64 | 3.1.9 | 25.00 | OK | |||
r-oldrel-windows-x86_64 | 3.1.9 | 10.00 | 75.00 | 85.00 | OK |
Version: 3.1.9
Check: Rd files
Result: NOTE
checkRd: (-1) gp.list.Rd:16: Escaped LaTeX specials: \#
Flavors: r-devel-linux-x86_64-debian-clang, r-devel-linux-x86_64-debian-gcc, r-devel-linux-x86_64-fedora-clang, r-devel-linux-x86_64-fedora-gcc, r-prerel-macos-arm64, r-prerel-windows-x86_64, r-patched-linux-x86_64, r-release-linux-x86_64, r-release-macos-arm64, r-release-macos-x86_64, r-release-windows-x86_64