Last updated on 2024-04-18 08:54:36 CEST.
Flavor | Version | Tinstall | Tcheck | Ttotal | Status | Flags |
---|---|---|---|---|---|---|
r-devel-linux-x86_64-debian-clang | 0.1.1 | 52.81 | 458.43 | 511.24 | NOTE | |
r-devel-linux-x86_64-debian-gcc | 0.1.1 | 47.21 | 378.47 | 425.68 | NOTE | |
r-devel-linux-x86_64-fedora-clang | 0.1.1 | 780.39 | NOTE | |||
r-devel-linux-x86_64-fedora-gcc | 0.1.1 | 737.67 | NOTE | |||
r-prerel-macos-arm64 | 0.1.1 | 188.00 | NOTE | |||
r-prerel-macos-x86_64 | 0.1.1 | 413.00 | OK | |||
r-prerel-windows-x86_64 | 0.1.1 | 55.00 | 334.00 | 389.00 | NOTE | |
r-patched-linux-x86_64 | 0.1.1 | 48.35 | 498.56 | 546.91 | NOTE | |
r-release-linux-x86_64 | 0.1.1 | 40.50 | 507.90 | 548.40 | OK | |
r-release-macos-arm64 | 0.1.1 | 5.00 | ERROR | |||
r-release-macos-x86_64 | 0.1.1 | 298.00 | OK | |||
r-release-windows-x86_64 | 0.1.1 | 76.00 | 451.00 | 527.00 | OK | |
r-oldrel-macos-arm64 | 0.1.1 | 10.00 | ERROR | |||
r-oldrel-windows-x86_64 | 0.1.1 | 67.00 | 395.00 | 462.00 | OK |
Version: 0.1.1
Check: Rd files
Result: NOTE
checkRd: (-1) FindVariableFeaturesMix.Rd:23: Lost braces in \itemize; meant \describe ?
checkRd: (-1) FindVariableFeaturesMix.Rd:24: Lost braces in \itemize; meant \describe ?
checkRd: (-1) FindVariableFeaturesMix.Rd:25: Lost braces in \itemize; meant \describe ?
checkRd: (-1) FindVariableFeaturesMix.Rd:26: Lost braces in \itemize; meant \describe ?
checkRd: (-1) FindVariableFeaturesMix.Rd:27: Lost braces in \itemize; meant \describe ?
checkRd: (-1) FindVariableFeaturesMix.Rd:28: Lost braces in \itemize; meant \describe ?
checkRd: (-1) FindVariableFeaturesMix.Rd:29: Lost braces in \itemize; meant \describe ?
checkRd: (-1) FindVariableFeaturesMix.Rd:30: Lost braces in \itemize; meant \describe ?
checkRd: (-1) FindVariableFeaturesMix.Rd:31: Lost braces in \itemize; meant \describe ?
checkRd: (-1) FindVariableFeaturesMix.Rd:32: Lost braces in \itemize; meant \describe ?
checkRd: (-1) FindVariableFeaturesMix.Rd:33: Lost braces in \itemize; meant \describe ?
checkRd: (-1) FindVariableFeaturesMix.Rd:34: Lost braces in \itemize; meant \describe ?
checkRd: (-1) FindVariableFeaturesMix.Rd:35: Lost braces in \itemize; meant \describe ?
checkRd: (-1) FindVariableFeaturesMix.Rd:36: Lost braces in \itemize; meant \describe ?
checkRd: (-1) FindVariableFeaturesMix.Rd:37: Lost braces in \itemize; meant \describe ?
checkRd: (-1) FindVariableFeaturesMix.Rd:38: Lost braces in \itemize; meant \describe ?
checkRd: (-1) FindVariableFeaturesMix.Rd:39: Lost braces in \itemize; meant \describe ?
checkRd: (-1) FindVariableFeaturesMix.Rd:52: Lost braces in \itemize; meant \describe ?
checkRd: (-1) FindVariableFeaturesMix.Rd:53: Lost braces in \itemize; meant \describe ?
Flavors: r-devel-linux-x86_64-debian-clang, r-devel-linux-x86_64-debian-gcc, r-devel-linux-x86_64-fedora-clang, r-devel-linux-x86_64-fedora-gcc, r-prerel-macos-arm64, r-prerel-windows-x86_64, r-patched-linux-x86_64
Version: 0.1.1
Check: package dependencies
Result: ERROR
Package required but not available: ‘scran’
See section ‘The DESCRIPTION file’ in the ‘Writing R Extensions’
manual.
Flavors: r-release-macos-arm64, r-oldrel-macos-arm64