Last updated on 2023-10-02 20:12:04 CEST.
Flavor | Version | Tinstall | Tcheck | Ttotal | Status | Flags |
---|---|---|---|---|---|---|
r-devel-linux-x86_64-debian-clang | 1.6.2 | 36.34 | 99.15 | 135.49 | NOTE | |
r-devel-linux-x86_64-debian-gcc | 1.6.2 | 26.14 | 74.45 | 100.59 | NOTE | |
r-devel-linux-x86_64-fedora-clang | 1.6.2 | 178.00 | NOTE | |||
r-devel-linux-x86_64-fedora-gcc | 1.6.2 | 176.81 | NOTE | |||
r-devel-windows-x86_64 | 1.6.2 | 32.00 | 114.00 | 146.00 | NOTE | |
r-patched-linux-x86_64 | 1.6.2 | 26.40 | 96.64 | 123.04 | NOTE | |
r-release-linux-x86_64 | 1.6.2 | 31.49 | 97.58 | 129.07 | NOTE | |
r-release-macos-arm64 | 1.6.2 | 55.00 | NOTE | |||
r-release-macos-x86_64 | 1.6.2 | 96.00 | NOTE | |||
r-release-windows-x86_64 | 1.6.2 | 43.00 | 132.00 | 175.00 | NOTE | |
r-oldrel-macos-arm64 | 1.6.2 | 49.00 | OK | |||
r-oldrel-macos-x86_64 | 1.6.2 | 67.00 | OK | |||
r-oldrel-windows-x86_64 | 1.6.2 | 42.00 | 131.00 | 173.00 | OK |
Version: 1.6.2
Check: C++ specification
Result: NOTE
Specified C++11: please drop specification unless essential
Flavors: r-devel-linux-x86_64-debian-clang, r-devel-linux-x86_64-debian-gcc, r-devel-linux-x86_64-fedora-clang, r-devel-linux-x86_64-fedora-gcc, r-devel-windows-x86_64, r-patched-linux-x86_64, r-release-linux-x86_64, r-release-macos-arm64, r-release-macos-x86_64, r-release-windows-x86_64