Last updated on 2024-03-28 19:48:37 CET.
Flavor | Version | Tinstall | Tcheck | Ttotal | Status | Flags |
---|---|---|---|---|---|---|
r-devel-linux-x86_64-debian-clang | 0.4-5 | 14.28 | 200.80 | 215.08 | OK | |
r-devel-linux-x86_64-debian-gcc | 0.4-5 | 14.88 | 149.31 | 164.19 | OK | |
r-devel-linux-x86_64-fedora-clang | 0.4-5 | 299.56 | OK | |||
r-devel-linux-x86_64-fedora-gcc | 0.4-5 | 285.56 | OK | |||
r-devel-windows-x86_64 | 0.4-5 | 16.00 | 166.00 | 182.00 | OK | |
r-patched-linux-x86_64 | 0.4-5 | 19.30 | 190.71 | 210.01 | OK | |
r-release-linux-x86_64 | 0.4-5 | 17.07 | 193.35 | 210.42 | OK | |
r-release-macos-arm64 | 0.4-5 | 93.00 | OK | |||
r-release-macos-x86_64 | 0.4-5 | 119.00 | NOTE | |||
r-release-windows-x86_64 | 0.4-5 | 20.00 | 202.00 | 222.00 | OK | |
r-oldrel-macos-arm64 | 0.4-5 | 62.00 | OK | |||
r-oldrel-windows-x86_64 | 0.4-5 | 21.00 | 200.00 | 221.00 | OK |
Version: 0.4-5
Check: package dependencies
Result: NOTE
Package suggested but not available for checking: ‘glmmTMB’
Flavor: r-release-macos-x86_64