Last updated on 2023-06-01 19:52:38 CEST.
Flavor | Version | Tinstall | Tcheck | Ttotal | Status | Flags |
---|---|---|---|---|---|---|
r-devel-linux-x86_64-debian-clang | 1.1.0 | 38.34 | 66.91 | 105.25 | OK | |
r-devel-linux-x86_64-debian-gcc | 1.1.0 | 28.25 | 50.72 | 78.97 | OK | |
r-devel-linux-x86_64-fedora-clang | 1.1.0 | 136.76 | OK | |||
r-devel-linux-x86_64-fedora-gcc | 1.1.0 | 143.60 | OK | |||
r-devel-windows-x86_64 | 1.1.0 | 29.00 | 92.00 | 121.00 | OK | |
r-patched-linux-x86_64 | 1.1.0 | OK | ||||
r-release-linux-x86_64 | 1.1.0 | 29.91 | 63.73 | 93.64 | OK | |
r-release-macos-arm64 | 1.1.0 | 44.00 | NOTE | |||
r-release-macos-x86_64 | 1.0.0 | 59.00 | NOTE | |||
r-release-windows-x86_64 | 1.1.0 | 38.00 | 108.00 | 146.00 | OK | |
r-oldrel-macos-arm64 | 1.1.0 | 43.00 | NOTE | |||
r-oldrel-macos-x86_64 | 1.1.0 | 53.00 | NOTE | |||
r-oldrel-windows-x86_64 | 1.1.0 | 35.00 | 102.00 | 137.00 | OK |
Version: 1.1.0
Check: installed package size
Result: NOTE
installed size is 5.5Mb
sub-directories of 1Mb or more:
doc 2.4Mb
extdata 1.2Mb
libs 1.7Mb
Flavors: r-release-macos-arm64, r-oldrel-macos-arm64, r-oldrel-macos-x86_64
Version: 1.0.0
Check: C++ specification
Result: NOTE
Specified C++11: please drop specification unless essential
Flavor: r-release-macos-x86_64
Version: 1.0.0
Check: installed package size
Result: NOTE
installed size is 5.4Mb
sub-directories of 1Mb or more:
doc 2.4Mb
extdata 1.2Mb
libs 1.6Mb
Flavor: r-release-macos-x86_64