Last updated on 2024-03-29 07:54:48 CET.
Flavor | Version | Tinstall | Tcheck | Ttotal | Status | Flags |
---|---|---|---|---|---|---|
r-devel-linux-x86_64-debian-clang | 1.4.0 | 67.90 | 33.75 | 101.65 | NOTE | |
r-devel-linux-x86_64-debian-gcc | 1.4.0 | 54.03 | 25.92 | 79.95 | NOTE | |
r-devel-linux-x86_64-fedora-clang | 1.4.0 | 148.43 | NOTE | |||
r-devel-linux-x86_64-fedora-gcc | 1.4.0 | 151.58 | NOTE | |||
r-devel-windows-x86_64 | 1.4.0 | 53.00 | 68.00 | 121.00 | NOTE | |
r-patched-linux-x86_64 | 1.4.0 | 65.17 | 32.61 | 97.78 | NOTE | |
r-release-linux-x86_64 | 1.4.0 | 70.79 | 32.90 | 103.69 | NOTE | |
r-release-macos-arm64 | 1.4.0 | 39.00 | NOTE | |||
r-release-macos-x86_64 | 1.4.0 | 70.00 | NOTE | |||
r-release-windows-x86_64 | 1.4.0 | 65.00 | 81.00 | 146.00 | NOTE | |
r-oldrel-macos-arm64 | 1.4.0 | 48.00 | OK | |||
r-oldrel-windows-x86_64 | 1.4.0 | 64.00 | 80.00 | 144.00 | OK |
Version: 1.4.0
Check: C++ specification
Result: NOTE
Specified C++11: please drop specification unless essential
Flavors: r-devel-linux-x86_64-debian-clang, r-devel-linux-x86_64-debian-gcc, r-devel-linux-x86_64-fedora-clang, r-devel-linux-x86_64-fedora-gcc, r-devel-windows-x86_64, r-patched-linux-x86_64, r-release-linux-x86_64, r-release-macos-arm64, r-release-macos-x86_64, r-release-windows-x86_64
Version: 1.4.0
Check: package subdirectories
Result: NOTE
Problems with news in ‘NEWS.md’:
No news entries found.
Flavors: r-devel-linux-x86_64-debian-clang, r-devel-linux-x86_64-debian-gcc, r-devel-linux-x86_64-fedora-clang, r-devel-linux-x86_64-fedora-gcc, r-devel-windows-x86_64, r-patched-linux-x86_64, r-release-linux-x86_64, r-release-macos-arm64, r-release-macos-x86_64, r-release-windows-x86_64