CRAN Package Check Results for Package mirtjml

Last updated on 2023-05-28 20:04:02 CEST.

Flavor Version Tinstall Tcheck Ttotal Status Flags
r-devel-linux-x86_64-debian-clang 1.4.0 65.83 33.37 99.20 NOTE
r-devel-linux-x86_64-debian-gcc 1.4.0 55.01 25.15 80.16 NOTE
r-devel-linux-x86_64-fedora-clang 1.4.0 151.10 NOTE
r-devel-linux-x86_64-fedora-gcc 1.4.0 148.86 NOTE
r-devel-windows-x86_64 1.4.0 51.00 73.00 124.00 NOTE
r-patched-linux-x86_64 1.4.0 55.85 31.25 87.10 NOTE
r-release-linux-x86_64 1.4.0 56.79 31.92 88.71 NOTE
r-release-macos-arm64 1.4.0 39.00 NOTE
r-release-macos-x86_64 1.4.0 70.00 NOTE
r-release-windows-x86_64 1.4.0 68.00 80.00 148.00 NOTE
r-oldrel-macos-arm64 1.4.0 48.00 OK
r-oldrel-macos-x86_64 1.4.0 48.00 OK
r-oldrel-windows-x86_64 1.4.0 65.00 78.00 143.00 OK

Check Details

Version: 1.4.0
Check: C++ specification
Result: NOTE
     Specified C++11: please drop specification unless essential
Flavors: r-devel-linux-x86_64-debian-clang, r-devel-linux-x86_64-debian-gcc, r-devel-linux-x86_64-fedora-clang, r-devel-linux-x86_64-fedora-gcc, r-devel-windows-x86_64, r-patched-linux-x86_64, r-release-linux-x86_64, r-release-macos-arm64, r-release-macos-x86_64, r-release-windows-x86_64

Version: 1.4.0
Check: package subdirectories
Result: NOTE
    Problems with news in ‘NEWS.md’:
    No news entries found.
Flavors: r-devel-linux-x86_64-debian-clang, r-devel-linux-x86_64-debian-gcc, r-devel-linux-x86_64-fedora-clang, r-devel-linux-x86_64-fedora-gcc, r-devel-windows-x86_64, r-patched-linux-x86_64, r-release-linux-x86_64, r-release-macos-arm64, r-release-macos-x86_64, r-release-windows-x86_64