Last updated on 2023-09-25 08:02:32 CEST.
Flavor | Version | Tinstall | Tcheck | Ttotal | Status | Flags |
---|---|---|---|---|---|---|
r-devel-linux-x86_64-debian-clang | 1.5.3 | 109.76 | 42.98 | 152.74 | NOTE | |
r-devel-linux-x86_64-debian-gcc | 1.5.3 | 72.32 | 33.27 | 105.59 | NOTE | |
r-devel-linux-x86_64-fedora-clang | 1.5.3 | 238.03 | NOTE | |||
r-devel-linux-x86_64-fedora-gcc | 1.5.3 | 217.22 | NOTE | |||
r-devel-windows-x86_64 | 1.5.3 | 80.00 | 80.00 | 160.00 | NOTE | |
r-patched-linux-x86_64 | 1.5.3 | 104.71 | 42.65 | 147.36 | NOTE | |
r-release-linux-x86_64 | 1.5.3 | 106.71 | 42.32 | 149.03 | NOTE | |
r-release-macos-arm64 | 1.5.3 | 59.00 | NOTE | |||
r-release-macos-x86_64 | 1.5.3 | 99.00 | NOTE | |||
r-release-windows-x86_64 | 1.5.3 | 102.00 | 85.00 | 187.00 | NOTE | |
r-oldrel-macos-arm64 | 1.5.3 | 54.00 | NOTE | |||
r-oldrel-macos-x86_64 | 1.5.3 | 66.00 | NOTE | |||
r-oldrel-windows-x86_64 | 1.5.3 | 99.00 | 80.00 | 179.00 | OK |
Version: 1.5.3
Check: C++ specification
Result: NOTE
Specified C++14: please drop specification unless essential
Flavors: r-devel-linux-x86_64-debian-clang, r-devel-linux-x86_64-debian-gcc, r-devel-linux-x86_64-fedora-clang, r-devel-linux-x86_64-fedora-gcc, r-devel-windows-x86_64, r-patched-linux-x86_64, r-release-linux-x86_64, r-release-macos-arm64, r-release-macos-x86_64, r-release-windows-x86_64
Version: 1.5.3
Check: installed package size
Result: NOTE
installed size is 6.5Mb
sub-directories of 1Mb or more:
libs 6.2Mb
Flavors: r-release-macos-arm64, r-release-macos-x86_64, r-oldrel-macos-arm64, r-oldrel-macos-x86_64