Last updated on 2023-06-05 20:57:43 CEST.
Flavor | Version | Tinstall | Tcheck | Ttotal | Status | Flags |
---|---|---|---|---|---|---|
r-devel-linux-x86_64-debian-clang | 3.16-18 | 165.81 | 169.33 | 335.14 | NOTE | |
r-devel-linux-x86_64-debian-gcc | 3.16-18 | 126.95 | 123.55 | 250.50 | NOTE | |
r-devel-linux-x86_64-fedora-clang | 3.16-18 | 471.34 | NOTE | |||
r-devel-linux-x86_64-fedora-gcc | 3.16-18 | 445.87 | NOTE | |||
r-devel-windows-x86_64 | 3.16-18 | 123.00 | 174.00 | 297.00 | NOTE | |
r-patched-linux-x86_64 | 3.16-18 | 130.01 | 157.58 | 287.59 | NOTE | |
r-release-linux-x86_64 | 3.16-18 | 100.10 | 157.89 | 257.99 | NOTE | |
r-release-macos-arm64 | 3.16-18 | 109.00 | NOTE | |||
r-release-macos-x86_64 | 3.16-18 | 203.00 | NOTE | |||
r-release-windows-x86_64 | 3.16-18 | 161.00 | 221.00 | 382.00 | NOTE | |
r-oldrel-macos-arm64 | 3.16-18 | 100.00 | NOTE | |||
r-oldrel-macos-x86_64 | 3.16-18 | 130.00 | NOTE | |||
r-oldrel-windows-x86_64 | 3.16-18 | 155.00 | 203.00 | 358.00 | OK |
Version: 3.16-18
Check: Rd \usage sections
Result: NOTE
S3 methods shown with full name in documentation object ‘complete.miceadds’:
‘complete.mids.nmi’ ‘complete.mids.1chain’
The \usage entries for S3 methods should use the \method markup and not
their full name.
See chapter ‘Writing R documentation files’ in the ‘Writing R
Extensions’ manual.
Flavors: r-devel-linux-x86_64-debian-clang, r-devel-linux-x86_64-debian-gcc, r-devel-linux-x86_64-fedora-clang, r-devel-linux-x86_64-fedora-gcc, r-devel-windows-x86_64, r-patched-linux-x86_64, r-release-linux-x86_64, r-release-macos-arm64, r-release-macos-x86_64, r-release-windows-x86_64
Version: 3.16-18
Check: installed package size
Result: NOTE
installed size is 7.6Mb
sub-directories of 1Mb or more:
libs 6.0Mb
Flavors: r-release-macos-arm64, r-release-macos-x86_64, r-oldrel-macos-arm64, r-oldrel-macos-x86_64