Last updated on 2023-06-10 08:53:20 CEST.
Flavor | Version | Tinstall | Tcheck | Ttotal | Status | Flags |
---|---|---|---|---|---|---|
r-devel-linux-x86_64-debian-clang | 0.8.2 | 120.81 | 88.12 | 208.93 | NOTE | |
r-devel-linux-x86_64-debian-gcc | 0.8.2 | 103.10 | 62.81 | 165.91 | NOTE | |
r-devel-linux-x86_64-fedora-clang | 0.8.2 | 317.08 | NOTE | |||
r-devel-linux-x86_64-fedora-gcc | 0.8.2 | 320.63 | NOTE | |||
r-devel-windows-x86_64 | 0.8.2 | 90.00 | 98.00 | 188.00 | NOTE | |
r-patched-linux-x86_64 | 0.8.2 | 111.73 | 78.56 | 190.29 | NOTE | |
r-release-linux-x86_64 | 0.8.2 | 101.78 | 78.88 | 180.66 | NOTE | |
r-release-macos-arm64 | 0.8.2 | 73.00 | NOTE | |||
r-release-macos-x86_64 | 0.8.2 | 135.00 | NOTE | |||
r-release-windows-x86_64 | 0.8.2 | 114.00 | 128.00 | 242.00 | NOTE | |
r-oldrel-macos-arm64 | 0.8.2 | 78.00 | NOTE | |||
r-oldrel-macos-x86_64 | 0.8.2 | 89.00 | NOTE | |||
r-oldrel-windows-x86_64 | 0.8.2 | 113.00 | 124.00 | 237.00 | OK |
Version: 0.8.2
Check: C++ specification
Result: NOTE
Specified C++11: please drop specification unless essential
Flavors: r-devel-linux-x86_64-debian-clang, r-devel-linux-x86_64-debian-gcc, r-devel-linux-x86_64-fedora-clang, r-devel-linux-x86_64-fedora-gcc, r-devel-windows-x86_64, r-patched-linux-x86_64, r-release-linux-x86_64, r-release-macos-arm64, r-release-macos-x86_64, r-release-windows-x86_64
Version: 0.8.2
Check: installed package size
Result: NOTE
installed size is 9.8Mb
sub-directories of 1Mb or more:
libs 8.6Mb
Flavors: r-release-macos-arm64, r-release-macos-x86_64, r-oldrel-macos-arm64, r-oldrel-macos-x86_64