Last updated on 2023-09-30 19:55:52 CEST.
Flavor | Version | Tinstall | Tcheck | Ttotal | Status | Flags |
---|---|---|---|---|---|---|
r-devel-linux-x86_64-debian-clang | 1.1.0 | 4.45 | 136.08 | 140.53 | OK | |
r-devel-linux-x86_64-debian-gcc | 1.1.0 | 3.18 | 93.42 | 96.60 | OK | |
r-devel-linux-x86_64-fedora-clang | 1.1.0 | 165.66 | OK | |||
r-devel-linux-x86_64-fedora-gcc | 1.1.0 | 165.75 | OK | |||
r-devel-windows-x86_64 | 1.1.0 | 6.00 | 105.00 | 111.00 | OK | |
r-patched-linux-x86_64 | 1.1.0 | 10.58 | 131.83 | 142.41 | OK | |
r-release-linux-x86_64 | 1.1.0 | 2.84 | 129.47 | 132.31 | OK | |
r-release-macos-arm64 | 1.1.0 | 42.00 | OK | |||
r-release-macos-x86_64 | 1.1.0 | 61.00 | OK | |||
r-release-windows-x86_64 | 1.1.0 | 6.00 | 126.00 | 132.00 | OK | |
r-oldrel-macos-arm64 | 1.1.0 | 133.00 | ERROR | |||
r-oldrel-macos-x86_64 | 1.1.0 | 62.00 | ERROR | |||
r-oldrel-windows-x86_64 | 1.1.0 | 7.00 | 125.00 | 132.00 | OK |
Version: 1.1.0
Check: PDF version of manual
Result: WARN
LaTeX errors when creating PDF version.
This typically indicates Rd problems.
LaTeX errors found:
! Undefined control sequence.
<recently read> \mathbb
l.268 ..., a random vector of \eqn{\mathbb{R}^p}{}
(\eqn{p > 1}{}) distribut...
! Undefined control sequence.
<recently read> \mathbb
l.270 ..., a random vector of \eqn{\mathbb{R}^p}{}
distributed according to ...
Flavors: r-oldrel-macos-arm64, r-oldrel-macos-x86_64
Version: 1.1.0
Check: PDF version of manual without index
Result: ERROR
Flavors: r-oldrel-macos-arm64, r-oldrel-macos-x86_64