Last updated on 2023-06-01 19:52:38 CEST.
Flavor | Version | Tinstall | Tcheck | Ttotal | Status | Flags |
---|---|---|---|---|---|---|
r-devel-linux-x86_64-debian-clang | 1.8-42 | 103.19 | 567.05 | 670.24 | OK | |
r-devel-linux-x86_64-debian-gcc | 1.8-42 | 85.98 | 424.14 | 510.12 | OK | |
r-devel-linux-x86_64-fedora-clang | 1.8-42 | 827.90 | OK | |||
r-devel-linux-x86_64-fedora-gcc | 1.8-42 | 815.78 | OK | |||
r-devel-windows-x86_64 | 1.8-42 | 86.00 | 430.00 | 516.00 | OK | |
r-patched-linux-x86_64 | 1.8-42 | OK | ||||
r-release-linux-x86_64 | 1.8-42 | 92.25 | 543.79 | 636.04 | OK | |
r-release-macos-arm64 | 1.8-42 | 236.00 | OK | |||
r-release-macos-x86_64 | 1.8-42 | 425.00 | NOTE | |||
r-release-windows-x86_64 | 1.8-42 | 117.00 | 527.00 | 644.00 | OK | |
r-oldrel-macos-arm64 | 1.8-42 | 202.00 | OK | |||
r-oldrel-macos-x86_64 | 1.8-42 | 263.00 | OK | |||
r-oldrel-windows-x86_64 | 1.8-42 | 111.00 | 508.00 | 619.00 | OK |
Version: 1.8-42
Check: installed package size
Result: NOTE
installed size is 5.3Mb
sub-directories of 1Mb or more:
R 2.0Mb
libs 2.2Mb
Flavor: r-release-macos-x86_64