Last updated on 2024-04-24 07:57:45 CEST.
Flavor | Version | Tinstall | Tcheck | Ttotal | Status | Flags |
---|---|---|---|---|---|---|
r-devel-linux-x86_64-debian-clang | 1.9-1 | 117.25 | 509.52 | 626.77 | OK | |
r-devel-linux-x86_64-debian-gcc | 1.9-1 | 87.98 | 376.76 | 464.74 | OK | |
r-devel-linux-x86_64-fedora-clang | 1.9-1 | 750.61 | OK | |||
r-devel-linux-x86_64-fedora-gcc | 1.9-1 | 737.69 | OK | |||
r-prerel-macos-arm64 | 1.9-1 | 193.00 | OK | |||
r-prerel-windows-x86_64 | 1.9-1 | 92.00 | 379.00 | 471.00 | OK | |
r-patched-linux-x86_64 | 1.9-1 | 110.16 | 487.06 | 597.22 | OK | |
r-release-linux-x86_64 | 1.9-1 | 101.96 | 493.80 | 595.76 | OK | |
r-release-macos-arm64 | 1.9-1 | 194.00 | OK | |||
r-release-macos-x86_64 | 1.9-1 | 424.00 | NOTE | |||
r-release-windows-x86_64 | 1.9-1 | 119.00 | 474.00 | 593.00 | OK | |
r-oldrel-macos-arm64 | 1.9-1 | 191.00 | OK | |||
r-oldrel-windows-x86_64 | 1.9-1 | 111.00 | 453.00 | 564.00 | OK |
Version: 1.9-1
Check: installed package size
Result: NOTE
installed size is 5.3Mb
sub-directories of 1Mb or more:
R 2.0Mb
libs 2.1Mb
Flavor: r-release-macos-x86_64