Last updated on 2024-04-24 07:57:45 CEST.
Flavor | Version | Tinstall | Tcheck | Ttotal | Status | Flags |
---|---|---|---|---|---|---|
r-devel-linux-x86_64-debian-clang | 0.2.1 | 57.25 | 191.66 | 248.91 | NOTE | |
r-devel-linux-x86_64-debian-gcc | 0.2.1 | 36.18 | 153.50 | 189.68 | NOTE | |
r-devel-linux-x86_64-fedora-clang | 0.2.1 | 324.84 | NOTE | |||
r-devel-linux-x86_64-fedora-gcc | 0.2.1 | 350.46 | NOTE | |||
r-prerel-macos-arm64 | 0.2.1 | 88.00 | NOTE | |||
r-prerel-windows-x86_64 | 0.2.1 | 42.00 | 198.00 | 240.00 | NOTE | |
r-patched-linux-x86_64 | 0.2.1 | 55.39 | 193.78 | 249.17 | NOTE | |
r-release-linux-x86_64 | 0.2.1 | 51.11 | 186.77 | 237.88 | NOTE | |
r-release-macos-arm64 | 0.2.1 | 100.00 | NOTE | |||
r-release-macos-x86_64 | 0.2.1 | 181.00 | NOTE | |||
r-release-windows-x86_64 | 0.2.1 | 55.00 | 251.00 | 306.00 | NOTE | |
r-oldrel-macos-arm64 | 0.2.1 | 89.00 | OK | |||
r-oldrel-windows-x86_64 | 0.2.1 | 49.00 | 262.00 | 311.00 | OK |
Version: 0.2.1
Check: package subdirectories
Result: NOTE
Problems with news in ‘NEWS.md’:
No news entries found.
Flavors: r-devel-linux-x86_64-debian-clang, r-devel-linux-x86_64-debian-gcc, r-devel-linux-x86_64-fedora-clang, r-devel-linux-x86_64-fedora-gcc, r-prerel-macos-arm64, r-prerel-windows-x86_64, r-patched-linux-x86_64, r-release-linux-x86_64, r-release-macos-arm64, r-release-macos-x86_64, r-release-windows-x86_64