Last updated on 2024-03-29 07:54:48 CET.
Flavor | Version | Tinstall | Tcheck | Ttotal | Status | Flags |
---|---|---|---|---|---|---|
r-devel-linux-x86_64-debian-clang | 1.16 | 151.05 | 224.42 | 375.47 | OK | |
r-devel-linux-x86_64-debian-gcc | 1.16 | 113.30 | 159.88 | 273.18 | OK | |
r-devel-linux-x86_64-fedora-clang | 1.16 | 474.29 | NOTE | |||
r-devel-linux-x86_64-fedora-gcc | 1.16 | 492.32 | NOTE | |||
r-devel-windows-x86_64 | 1.16 | 111.00 | 210.00 | 321.00 | OK | |
r-patched-linux-x86_64 | 1.16 | 144.82 | 217.43 | 362.25 | OK | |
r-release-linux-x86_64 | 1.16 | 146.22 | 211.65 | 357.87 | OK | |
r-release-macos-arm64 | 1.16 | 116.00 | NOTE | |||
r-release-macos-x86_64 | 1.16 | 292.00 | NOTE | |||
r-release-windows-x86_64 | 1.16 | 144.00 | 254.00 | 398.00 | OK | |
r-oldrel-macos-arm64 | 1.16 | 95.00 | NOTE | |||
r-oldrel-windows-x86_64 | 1.16 | 133.00 | 215.00 | 348.00 | OK |
Version: 1.16
Check: data for non-ASCII characters
Result: NOTE
Note: found 6 marked UTF-8 strings
Flavors: r-devel-linux-x86_64-fedora-clang, r-devel-linux-x86_64-fedora-gcc
Version: 1.16
Check: installed package size
Result: NOTE
installed size is 9.5Mb
sub-directories of 1Mb or more:
data 1.1Mb
libs 6.5Mb
Flavors: r-release-macos-arm64, r-release-macos-x86_64, r-oldrel-macos-arm64