CRAN Package Check Results for Package meteorits

Last updated on 2023-05-29 20:00:28 CEST.

Flavor Version Tinstall Tcheck Ttotal Status Flags
r-devel-linux-x86_64-debian-clang 0.1.1 54.04 209.07 263.11 NOTE
r-devel-linux-x86_64-debian-gcc 0.1.1 39.67 158.92 198.59 NOTE
r-devel-linux-x86_64-fedora-clang 0.1.1 419.23 NOTE
r-devel-linux-x86_64-fedora-gcc 0.1.1 436.46 NOTE
r-devel-windows-x86_64 0.1.1 42.00 248.00 290.00 NOTE
r-patched-linux-x86_64 0.1.1 49.50 221.65 271.15 NOTE
r-release-linux-x86_64 0.1.1 41.21 394.66 435.87 NOTE
r-release-macos-arm64 0.1.1 107.00 NOTE
r-release-macos-x86_64 0.1.1 167.00 NOTE
r-release-windows-x86_64 0.1.1 52.00 376.00 428.00 NOTE
r-oldrel-macos-arm64 0.1.1 134.00 NOTE
r-oldrel-macos-x86_64 0.1.1 125.00 NOTE
r-oldrel-windows-x86_64 0.1.1 56.00 266.00 322.00 NOTE

Check Details

Version: 0.1.1
Check: C++ specification
Result: NOTE
     Specified C++11: please drop specification unless essential
Flavors: r-devel-linux-x86_64-debian-clang, r-devel-linux-x86_64-debian-gcc, r-devel-linux-x86_64-fedora-clang, r-devel-linux-x86_64-fedora-gcc, r-devel-windows-x86_64, r-patched-linux-x86_64, r-release-linux-x86_64, r-release-macos-arm64, r-release-macos-x86_64, r-release-windows-x86_64

Version: 0.1.1
Check: installed package size
Result: NOTE
     installed size is 5.9Mb
     sub-directories of 1Mb or more:
     doc 2.3Mb
     help 2.0Mb
     libs 1.2Mb
Flavors: r-devel-windows-x86_64, r-release-macos-arm64, r-release-macos-x86_64, r-release-windows-x86_64, r-oldrel-macos-arm64, r-oldrel-macos-x86_64, r-oldrel-windows-x86_64