Last updated on 2023-10-01 08:52:03 CEST.
Flavor | Version | Tinstall | Tcheck | Ttotal | Status | Flags |
---|---|---|---|---|---|---|
r-devel-linux-x86_64-debian-clang | 1.2 | 17.12 | 199.73 | 216.85 | OK | |
r-devel-linux-x86_64-debian-gcc | 1.2 | 12.96 | 143.65 | 156.61 | OK | |
r-devel-linux-x86_64-fedora-clang | 1.2 | 259.98 | NOTE | |||
r-devel-linux-x86_64-fedora-gcc | 1.2 | 273.33 | NOTE | |||
r-devel-windows-x86_64 | 1.2 | 15.00 | 156.00 | 171.00 | OK | |
r-patched-linux-x86_64 | 1.2 | 14.11 | 185.78 | 199.89 | OK | |
r-release-linux-x86_64 | 1.2 | 15.83 | 189.52 | 205.35 | OK | |
r-release-macos-arm64 | 1.2 | 90.00 | OK | |||
r-release-macos-x86_64 | 1.2 | 125.00 | NOTE | |||
r-release-windows-x86_64 | 1.2 | 18.00 | 188.00 | 206.00 | OK | |
r-oldrel-macos-arm64 | 1.2 | 72.00 | NOTE | |||
r-oldrel-macos-x86_64 | 1.2 | 120.00 | NOTE | |||
r-oldrel-windows-x86_64 | 1.2 | 19.00 | 184.00 | 203.00 | OK |
Version: 1.2
Check: dependencies in R code
Result: NOTE
Namespace in Imports field not imported from: ‘lmerTest’
All declared Imports should be used.
Flavors: r-devel-linux-x86_64-fedora-clang, r-devel-linux-x86_64-fedora-gcc, r-oldrel-macos-arm64, r-oldrel-macos-x86_64
Version: 1.2
Check: package dependencies
Result: NOTE
Package suggested but not available for checking: ‘caret’
Flavor: r-release-macos-x86_64