CRAN Package Check Results for Package metajam

Last updated on 2024-02-28 07:53:47 CET.

Flavor Version Tinstall Tcheck Ttotal Status Flags
r-devel-linux-x86_64-debian-clang 0.2.3 12.38 117.40 129.78 OK
r-devel-linux-x86_64-debian-gcc 0.2.3 9.92 87.92 97.84 OK
r-devel-linux-x86_64-fedora-clang 0.2.3 157.28 NOTE
r-devel-linux-x86_64-fedora-gcc 0.2.3 178.35 NOTE
r-devel-windows-x86_64 0.2.3 11.00 99.00 110.00 OK
r-patched-linux-x86_64 0.2.3 10.04 113.05 123.09 OK
r-release-linux-x86_64 0.2.3 8.40 112.07 120.47 OK
r-release-macos-arm64 0.2.3 59.00 OK
r-release-macos-x86_64 0.2.3 90.00 OK
r-release-windows-x86_64 0.2.3 15.00 116.00 131.00 OK
r-oldrel-macos-arm64 0.2.3 45.00 OK
r-oldrel-windows-x86_64 0.2.3 15.00 123.00 138.00 OK

Check Details

Version: 0.2.3
Check: package dependencies
Result: NOTE Suggests orphaned package: ‘udunits2’ Flavors: r-devel-linux-x86_64-fedora-clang, r-devel-linux-x86_64-fedora-gcc