Last updated on 2024-04-24 20:54:13 CEST.
Flavor | Version | Tinstall | Tcheck | Ttotal | Status | Flags |
---|---|---|---|---|---|---|
r-devel-linux-x86_64-debian-clang | 0.6.9 | 1102.19 | 335.73 | 1437.92 | OK | |
r-devel-linux-x86_64-debian-gcc | 0.6.9 | 1029.79 | 311.81 | 1341.60 | OK | |
r-devel-linux-x86_64-fedora-clang | 0.6.9 | 1798.01 | NOTE | |||
r-devel-linux-x86_64-fedora-gcc | 0.6.9 | 2459.56 | NOTE | |||
r-devel-windows-x86_64 | 0.6.9 | 824.00 | 319.00 | 1143.00 | NOTE | |
r-patched-linux-x86_64 | 0.6.9 | 0.01 | 2.68 | 2.69 | ERROR | |
r-release-linux-x86_64 | 0.6.9 | 0.03 | 2.61 | 2.64 | ERROR | |
r-release-macos-arm64 | 0.6.9 | 610.00 | NOTE | |||
r-release-windows-x86_64 | 0.6.9 | 848.00 | 310.00 | 1158.00 | NOTE | |
r-oldrel-macos-arm64 | 0.6.9 | 423.00 | NOTE | |||
r-oldrel-macos-x86_64 | 0.6.9 | 822.00 | NOTE | |||
r-oldrel-windows-x86_64 | 0.6.9 | 1103.00 | 406.00 | 1509.00 | NOTE |
Version: 0.6.9
Check: installed package size
Result: NOTE
installed size is 9.8Mb
sub-directories of 1Mb or more:
libs 9.0Mb
Flavors: r-devel-linux-x86_64-fedora-clang, r-devel-windows-x86_64, r-release-macos-arm64, r-release-windows-x86_64, r-oldrel-macos-arm64, r-oldrel-macos-x86_64, r-oldrel-windows-x86_64
Version: 0.6.9
Check: for GNU extensions in Makefiles
Result: NOTE
GNU make is a SystemRequirements.
Flavors: r-devel-linux-x86_64-fedora-clang, r-devel-linux-x86_64-fedora-gcc, r-release-macos-arm64, r-oldrel-macos-arm64, r-oldrel-macos-x86_64
Version: 0.6.9
Check: whether package can be installed
Result: ERROR
Installation failed.
Flavors: r-patched-linux-x86_64, r-release-linux-x86_64