Last updated on 2023-05-29 08:55:03 CEST.
Flavor | Version | Tinstall | Tcheck | Ttotal | Status | Flags |
---|---|---|---|---|---|---|
r-devel-linux-x86_64-debian-clang | 0.6.7 | 896.46 | 276.46 | 1172.92 | NOTE | |
r-devel-linux-x86_64-debian-gcc | 0.6.7 | 859.37 | 258.65 | 1118.02 | NOTE | |
r-devel-linux-x86_64-fedora-clang | 0.6.7 | 1490.62 | NOTE | |||
r-devel-linux-x86_64-fedora-gcc | 0.6.7 | 2040.84 | NOTE | |||
r-devel-windows-x86_64 | 0.6.7 | 702.00 | 276.00 | 978.00 | NOTE | |
r-patched-linux-x86_64 | 0.6.7 | 731.41 | 336.68 | 1068.09 | NOTE | |
r-release-linux-x86_64 | 0.6.7 | 0.01 | 2.84 | 2.85 | ERROR | |
r-release-macos-arm64 | 0.6.7 | 463.00 | NOTE | |||
r-release-macos-x86_64 | 0.6.7 | 710.00 | NOTE | |||
r-release-windows-x86_64 | 0.6.7 | 906.00 | 368.00 | 1274.00 | NOTE | |
r-oldrel-macos-arm64 | 0.6.7 | 402.00 | NOTE | |||
r-oldrel-macos-x86_64 | 0.6.7 | 661.00 | NOTE | |||
r-oldrel-windows-x86_64 | 0.6.7 | 827.00 | 333.00 | 1160.00 | NOTE |
Version: 0.6.7
Check: for GNU extensions in Makefiles
Result: NOTE
GNU make is a SystemRequirements.
Flavors: r-devel-linux-x86_64-debian-clang, r-devel-linux-x86_64-debian-gcc, r-devel-linux-x86_64-fedora-clang, r-devel-linux-x86_64-fedora-gcc, r-devel-windows-x86_64, r-patched-linux-x86_64, r-release-macos-arm64, r-release-macos-x86_64, r-release-windows-x86_64, r-oldrel-macos-arm64, r-oldrel-macos-x86_64, r-oldrel-windows-x86_64
Version: 0.6.7
Check: installed package size
Result: NOTE
installed size is 8.7Mb
sub-directories of 1Mb or more:
libs 7.9Mb
Flavors: r-devel-linux-x86_64-fedora-clang, r-devel-windows-x86_64, r-release-macos-arm64, r-release-macos-x86_64, r-release-windows-x86_64, r-oldrel-macos-arm64, r-oldrel-macos-x86_64, r-oldrel-windows-x86_64
Version: 0.6.7
Check: whether package can be installed
Result: ERROR
Installation failed.
Flavor: r-release-linux-x86_64