CRAN Package Check Results for Package metaBLUE

Last updated on 2023-10-01 08:52:03 CEST.

Flavor Version Tinstall Tcheck Ttotal Status Flags
r-devel-linux-x86_64-debian-clang 1.0.0 6.55 64.74 71.29 NOTE
r-devel-linux-x86_64-debian-gcc 1.0.0 6.56 50.17 56.73 NOTE
r-devel-linux-x86_64-fedora-clang 1.0.0 87.84 NOTE
r-devel-linux-x86_64-fedora-gcc 1.0.0 89.00 NOTE
r-devel-windows-x86_64 1.0.0 8.00 65.00 73.00 NOTE
r-patched-linux-x86_64 1.0.0 7.72 63.41 71.13 NOTE
r-release-linux-x86_64 1.0.0 7.17 64.27 71.44 NOTE
r-release-macos-arm64 1.0.0 29.00 NOTE
r-release-macos-x86_64 1.0.0 48.00 NOTE
r-release-windows-x86_64 1.0.0 10.00 73.00 83.00 NOTE
r-oldrel-macos-arm64 1.0.0 29.00 NOTE
r-oldrel-macos-x86_64 1.0.0 41.00 NOTE
r-oldrel-windows-x86_64 1.0.0 10.00 77.00 87.00 NOTE

Check Details

Version: 1.0.0
Check: LazyData
Result: NOTE
     'LazyData' is specified without a 'data' directory
Flavors: r-devel-linux-x86_64-debian-clang, r-devel-linux-x86_64-debian-gcc, r-devel-linux-x86_64-fedora-clang, r-devel-linux-x86_64-fedora-gcc, r-devel-windows-x86_64, r-patched-linux-x86_64, r-release-linux-x86_64, r-release-macos-arm64, r-release-macos-x86_64, r-release-windows-x86_64, r-oldrel-macos-arm64, r-oldrel-macos-x86_64, r-oldrel-windows-x86_64