Last updated on 2024-03-29 07:54:48 CET.
Flavor | Version | Tinstall | Tcheck | Ttotal | Status | Flags |
---|---|---|---|---|---|---|
r-devel-linux-x86_64-debian-clang | 7.0-0 | 62.54 | 466.24 | 528.78 | OK | |
r-devel-linux-x86_64-debian-gcc | 7.0-0 | 62.13 | 323.31 | 385.44 | OK | |
r-devel-linux-x86_64-fedora-clang | 7.0-0 | 680.88 | NOTE | |||
r-devel-linux-x86_64-fedora-gcc | 7.0-0 | 631.38 | OK | |||
r-devel-windows-x86_64 | 7.0-0 | 59.00 | 331.00 | 390.00 | OK | |
r-patched-linux-x86_64 | 7.0-0 | 55.53 | 437.76 | 493.29 | OK | |
r-release-linux-x86_64 | 7.0-0 | 70.32 | 442.76 | 513.08 | OK | |
r-release-macos-arm64 | 7.0-0 | 154.00 | OK | |||
r-release-macos-x86_64 | 7.0-0 | 355.00 | OK | |||
r-release-windows-x86_64 | 7.0-0 | 79.00 | 421.00 | 500.00 | OK | |
r-oldrel-macos-arm64 | 7.0-0 | 144.00 | OK | |||
r-oldrel-windows-x86_64 | 7.0-0 | 82.00 | 391.00 | 473.00 | OK |
Version: 7.0-0
Check: Rd cross-references
Result: NOTE
Undeclared packages ‘netmeta’, ‘metasens’, ‘robumeta’ in Rd xrefs
Flavor: r-devel-linux-x86_64-fedora-clang