Last updated on 2023-09-24 08:58:22 CEST.
Flavor | Version | Tinstall | Tcheck | Ttotal | Status | Flags |
---|---|---|---|---|---|---|
r-devel-linux-x86_64-debian-clang | 1.0.0 | 19.26 | 151.76 | 171.02 | NOTE | |
r-devel-linux-x86_64-debian-gcc | 1.0.0 | 15.17 | 113.00 | 128.17 | NOTE | |
r-devel-linux-x86_64-fedora-clang | 1.0.0 | 208.97 | NOTE | |||
r-devel-linux-x86_64-fedora-gcc | 1.0.0 | 214.66 | NOTE | |||
r-devel-windows-x86_64 | 1.0.0 | 17.00 | 122.00 | 139.00 | NOTE | |
r-patched-linux-x86_64 | 1.0.0 | 13.01 | 141.67 | 154.68 | NOTE | |
r-release-linux-x86_64 | 1.0.0 | 12.93 | 142.94 | 155.87 | NOTE | |
r-release-macos-arm64 | 1.0.0 | 72.00 | NOTE | |||
r-release-macos-x86_64 | 1.0.0 | 110.00 | NOTE | |||
r-release-windows-x86_64 | 1.0.0 | 22.00 | 142.00 | 164.00 | NOTE | |
r-oldrel-macos-arm64 | 1.0.0 | 50.00 | OK | |||
r-oldrel-macos-x86_64 | 1.0.0 | 92.00 | OK | |||
r-oldrel-windows-x86_64 | 1.0.0 | 21.00 | 147.00 | 168.00 | OK |
Version: 1.0.0
Check: package subdirectories
Result: NOTE
Problems with news in ‘NEWS.md’:
No news entries found.
Flavors: r-devel-linux-x86_64-debian-clang, r-devel-linux-x86_64-debian-gcc, r-devel-linux-x86_64-fedora-clang, r-devel-linux-x86_64-fedora-gcc, r-devel-windows-x86_64, r-patched-linux-x86_64, r-release-linux-x86_64, r-release-macos-arm64, r-release-macos-x86_64, r-release-windows-x86_64