Last updated on 2024-03-28 19:48:36 CET.
Flavor | Version | Tinstall | Tcheck | Ttotal | Status | Flags |
---|---|---|---|---|---|---|
r-devel-linux-x86_64-debian-clang | 1.0.2 | 41.21 | 383.80 | 425.01 | NOTE | |
r-devel-linux-x86_64-debian-gcc | 1.0.2 | 32.01 | 278.00 | 310.01 | NOTE | |
r-devel-linux-x86_64-fedora-clang | 1.0.2 | 502.28 | NOTE | |||
r-devel-linux-x86_64-fedora-gcc | 1.0.2 | 507.45 | NOTE | |||
r-devel-windows-x86_64 | 1.0.2 | 30.00 | 240.00 | 270.00 | NOTE | |
r-patched-linux-x86_64 | 1.0.2 | 37.38 | 371.08 | 408.46 | NOTE | |
r-release-linux-x86_64 | 1.0.2 | 39.96 | 357.47 | 397.43 | OK | |
r-release-macos-arm64 | 1.0.2 | 139.00 | OK | |||
r-release-macos-x86_64 | 1.0.2 | 233.00 | OK | |||
r-release-windows-x86_64 | 1.0.2 | 44.00 | 322.00 | 366.00 | OK | |
r-oldrel-macos-arm64 | 1.0.2 | 103.00 | OK | |||
r-oldrel-windows-x86_64 | 1.0.2 | 42.00 | 317.00 | 359.00 | OK |
Version: 1.0.2
Check: Rd files
Result: NOTE
checkRd: (-1) mgLandscape.Rd:79: Lost braces
79 | A code{$summary} table giving the results of the variation partitioning. The following table
| ^
Flavors: r-devel-linux-x86_64-debian-clang, r-devel-linux-x86_64-debian-gcc, r-devel-linux-x86_64-fedora-clang, r-devel-linux-x86_64-fedora-gcc, r-devel-windows-x86_64, r-patched-linux-x86_64