Last updated on 2024-04-25 07:59:58 CEST.
Flavor | Version | Tinstall | Tcheck | Ttotal | Status | Flags |
---|---|---|---|---|---|---|
r-devel-linux-x86_64-debian-clang | 0.5.0 | 26.75 | 126.55 | 153.30 | OK | |
r-devel-linux-x86_64-debian-gcc | 0.5.0 | 18.53 | 95.12 | 113.65 | OK | |
r-devel-linux-x86_64-fedora-clang | 0.5.0 | 204.79 | OK | |||
r-devel-linux-x86_64-fedora-gcc | 0.5.0 | 192.53 | OK | |||
r-devel-windows-x86_64 | 0.5.0 | 23.00 | 105.00 | 128.00 | OK | |
r-patched-linux-x86_64 | 0.5.0 | 22.56 | 119.85 | 142.41 | OK | |
r-release-linux-x86_64 | 0.5.0 | 19.62 | 125.78 | 145.40 | OK | |
r-release-macos-arm64 | 0.5.0 | 56.00 | OK | |||
r-release-macos-x86_64 | 0.5.0 | 90.00 | OK | |||
r-release-windows-x86_64 | 0.5.0 | 19.00 | 107.00 | 126.00 | OK | |
r-oldrel-macos-arm64 | 0.5.0 | 60.00 | NOTE | |||
r-oldrel-macos-x86_64 | 0.5.0 | 99.00 | NOTE | |||
r-oldrel-windows-x86_64 | 0.5.0 | 28.00 | 131.00 | 159.00 | OK |
Version: 0.5.0
Check: package dependencies
Result: NOTE
Package suggested but not available for checking: ‘file2meco’
Flavors: r-oldrel-macos-arm64, r-oldrel-macos-x86_64