CRAN Package Check Results for Package mdir.logrank

Last updated on 2023-05-30 09:00:40 CEST.

Flavor Version Tinstall Tcheck Ttotal Status Flags
r-devel-linux-x86_64-debian-clang 0.0.4 2.66 32.82 35.48 NOTE
r-devel-linux-x86_64-debian-gcc 0.0.4 2.71 25.81 28.52 NOTE
r-devel-linux-x86_64-fedora-clang 0.0.4 48.59 NOTE
r-devel-linux-x86_64-fedora-gcc 0.0.4 44.77 NOTE
r-devel-windows-x86_64 0.0.4 5.00 46.00 51.00 NOTE
r-patched-linux-x86_64 0.0.4 3.20 31.75 34.95 NOTE
r-release-linux-x86_64 0.0.4 3.36 32.31 35.67 NOTE
r-release-macos-arm64 0.0.4 19.00 NOTE
r-release-macos-x86_64 0.0.4 26.00 NOTE
r-release-windows-x86_64 0.0.4 4.00 49.00 53.00 NOTE
r-oldrel-macos-arm64 0.0.4 19.00 NOTE
r-oldrel-macos-x86_64 0.0.4 22.00 NOTE
r-oldrel-windows-x86_64 0.0.4 6.00 52.00 58.00 NOTE

Check Details

Version: 0.0.4
Check: package dependencies
Result: NOTE
    Package suggested but not available for checking: ‘RGtk2’
Flavors: r-devel-linux-x86_64-debian-clang, r-devel-linux-x86_64-debian-gcc, r-devel-linux-x86_64-fedora-clang, r-devel-linux-x86_64-fedora-gcc, r-devel-windows-x86_64, r-patched-linux-x86_64, r-release-linux-x86_64, r-release-macos-arm64, r-release-macos-x86_64, r-oldrel-macos-arm64, r-oldrel-macos-x86_64

Version: 0.0.4
Check: LazyData
Result: NOTE
     'LazyData' is specified without a 'data' directory
Flavors: r-devel-linux-x86_64-debian-clang, r-devel-linux-x86_64-debian-gcc, r-devel-linux-x86_64-fedora-clang, r-devel-linux-x86_64-fedora-gcc, r-devel-windows-x86_64, r-patched-linux-x86_64, r-release-linux-x86_64, r-release-macos-arm64, r-release-macos-x86_64, r-release-windows-x86_64, r-oldrel-macos-arm64, r-oldrel-macos-x86_64, r-oldrel-windows-x86_64