Last updated on 2024-03-29 07:54:48 CET.
Flavor | Version | Tinstall | Tcheck | Ttotal | Status | Flags |
---|---|---|---|---|---|---|
r-devel-linux-x86_64-debian-clang | 1.0.8 | 6.98 | 89.43 | 96.41 | NOTE | |
r-devel-linux-x86_64-debian-gcc | 1.0.8 | 6.14 | 68.29 | 74.43 | NOTE | |
r-devel-linux-x86_64-fedora-clang | 1.0.8 | 131.59 | NOTE | |||
r-devel-linux-x86_64-fedora-gcc | 1.0.8 | 135.11 | NOTE | |||
r-devel-windows-x86_64 | 1.0.8 | 8.00 | 82.00 | 90.00 | NOTE | |
r-patched-linux-x86_64 | 1.0.8 | 6.32 | 85.56 | 91.88 | NOTE | |
r-release-linux-x86_64 | 1.0.8 | 6.88 | 86.56 | 93.44 | OK | |
r-release-macos-arm64 | 1.0.8 | 43.00 | OK | |||
r-release-macos-x86_64 | 1.0.8 | 73.00 | OK | |||
r-release-windows-x86_64 | 1.0.8 | 10.00 | 96.00 | 106.00 | OK | |
r-oldrel-macos-arm64 | 1.0.8 | 35.00 | OK | |||
r-oldrel-windows-x86_64 | 1.0.8 | 10.00 | 105.00 | 115.00 | OK |
Version: 1.0.8
Check: Rd files
Result: NOTE
checkRd: (-1) mcvis.Rd:32: Lost braces in \itemize; \value handles \item{}{} directly
checkRd: (-1) mcvis.Rd:33: Lost braces in \itemize; \value handles \item{}{} directly
checkRd: (-1) mcvis.Rd:34: Lost braces in \itemize; \value handles \item{}{} directly
Flavors: r-devel-linux-x86_64-debian-clang, r-devel-linux-x86_64-debian-gcc, r-devel-linux-x86_64-fedora-clang, r-devel-linux-x86_64-fedora-gcc, r-devel-windows-x86_64, r-patched-linux-x86_64