Last updated on 2023-09-24 08:58:22 CEST.
Flavor | Version | Tinstall | Tcheck | Ttotal | Status | Flags |
---|---|---|---|---|---|---|
r-devel-linux-x86_64-debian-clang | 0.7.4 | 129.12 | 332.84 | 461.96 | OK | |
r-devel-linux-x86_64-debian-gcc | 0.7.4 | 93.51 | 245.21 | 338.72 | OK | |
r-devel-linux-x86_64-fedora-clang | 0.7.4 | 569.10 | OK | |||
r-devel-linux-x86_64-fedora-gcc | 0.7.4 | 598.66 | OK | |||
r-devel-windows-x86_64 | 0.7.4 | 98.00 | 287.00 | 385.00 | OK | |
r-patched-linux-x86_64 | 0.7.4 | 125.63 | 322.48 | 448.11 | OK | |
r-release-linux-x86_64 | 0.7.4 | 130.06 | 322.83 | 452.89 | OK | |
r-release-macos-arm64 | 0.7.4 | 139.00 | NOTE | |||
r-release-macos-x86_64 | 0.7.4 | 392.00 | NOTE | |||
r-release-windows-x86_64 | 0.7.4 | 124.00 | 361.00 | 485.00 | OK | |
r-oldrel-macos-arm64 | 0.7.4 | 131.00 | NOTE | |||
r-oldrel-macos-x86_64 | 0.7.4 | 196.00 | NOTE | |||
r-oldrel-windows-x86_64 | 0.7.4 | 124.00 | 342.00 | 466.00 | OK |
Version: 0.7.4
Check: installed package size
Result: NOTE
installed size is 17.4Mb
sub-directories of 1Mb or more:
libs 16.0Mb
Flavors: r-release-macos-arm64, r-release-macos-x86_64, r-oldrel-macos-arm64, r-oldrel-macos-x86_64