Last updated on 2024-04-26 08:55:04 CEST.
Flavor | Version | Tinstall | Tcheck | Ttotal | Status | Flags |
---|---|---|---|---|---|---|
r-devel-linux-x86_64-debian-clang | 0.2.7 | 36.85 | 122.58 | 159.43 | OK | |
r-devel-linux-x86_64-debian-gcc | 0.2.7 | 23.65 | 90.08 | 113.73 | OK | |
r-devel-linux-x86_64-fedora-clang | 0.2.7 | 199.41 | NOTE | |||
r-devel-linux-x86_64-fedora-gcc | 0.2.7 | 185.34 | OK | |||
r-devel-windows-x86_64 | 0.2.7 | 28.00 | 136.00 | 164.00 | OK | |
r-patched-linux-x86_64 | 0.2.7 | 24.95 | 116.56 | 141.51 | OK | |
r-release-linux-x86_64 | 0.2.7 | 21.44 | 117.79 | 139.23 | OK | |
r-release-macos-arm64 | 0.2.7 | 75.00 | OK | |||
r-release-windows-x86_64 | 0.2.7 | 25.00 | 135.00 | 160.00 | OK | |
r-oldrel-macos-arm64 | 0.2.7 | 88.00 | OK | |||
r-oldrel-macos-x86_64 | 0.2.7 | 139.00 | OK | |||
r-oldrel-windows-x86_64 | 0.2.7 | 38.00 | 167.00 | 205.00 | OK |
Version: 0.2.7
Check: Rd cross-references
Result: NOTE
Undeclared package ‘NLP’ in Rd xrefs
Flavor: r-devel-linux-x86_64-fedora-clang