Last updated on 2023-10-04 08:01:42 CEST.
Flavor | Version | Tinstall | Tcheck | Ttotal | Status | Flags |
---|---|---|---|---|---|---|
r-devel-linux-x86_64-debian-clang | 1.15.2 | 3.79 | 40.39 | 44.18 | OK | |
r-devel-linux-x86_64-debian-gcc | 1.15.2 | 2.83 | 30.65 | 33.48 | OK | |
r-devel-linux-x86_64-fedora-clang | 1.15.2 | 57.70 | OK | |||
r-devel-linux-x86_64-fedora-gcc | 1.15.2 | 65.40 | OK | |||
r-devel-windows-x86_64 | 1.15.2 | 6.00 | 56.00 | 62.00 | OK | |
r-patched-linux-x86_64 | 1.15.1 | 0.48 | 2.03 | 2.51 | ERROR | |
r-release-linux-x86_64 | 1.15.2 | 3.75 | 39.35 | 43.10 | OK | |
r-release-macos-arm64 | 1.15.2 | 30.00 | OK | |||
r-release-macos-x86_64 | 1.15.2 | 55.00 | OK | |||
r-release-windows-x86_64 | 1.15.2 | 11.00 | 58.00 | 69.00 | OK | |
r-oldrel-macos-arm64 | 1.15.2 | 28.00 | OK | |||
r-oldrel-macos-x86_64 | 1.15.2 | 37.00 | OK | |||
r-oldrel-windows-x86_64 | 1.15.2 | 8.00 | 67.00 | 75.00 | OK |
Version: 1.15.1
Check: package dependencies
Result: ERROR
Package required but not available: ‘babette’
See section ‘The DESCRIPTION file’ in the ‘Writing R Extensions’
manual.
Flavor: r-patched-linux-x86_64