Last updated on 2024-04-19 19:50:19 CEST.
Flavor | Version | Tinstall | Tcheck | Ttotal | Status | Flags |
---|---|---|---|---|---|---|
r-devel-linux-x86_64-debian-clang | 0.0.1 | 10.69 | 108.24 | 118.93 | OK | |
r-devel-linux-x86_64-debian-gcc | 0.0.1 | OK | ||||
r-devel-linux-x86_64-fedora-clang | 0.0.1 | 152.29 | NOTE | |||
r-devel-linux-x86_64-fedora-gcc | 0.0.1 | 154.56 | NOTE | |||
r-prerel-macos-arm64 | 0.0.1 | 49.00 | OK | |||
r-prerel-windows-x86_64 | 0.0.1 | 10.00 | 96.00 | 106.00 | OK | |
r-patched-linux-x86_64 | 0.0.1 | 11.20 | 104.75 | 115.95 | OK | |
r-release-linux-x86_64 | 0.0.1 | 11.93 | 106.57 | 118.50 | OK | |
r-release-macos-arm64 | 0.0.1 | 55.00 | OK | |||
r-release-macos-x86_64 | 0.0.1 | 90.00 | OK | |||
r-release-windows-x86_64 | 0.0.1 | 13.00 | 116.00 | 129.00 | OK | |
r-oldrel-macos-arm64 | 0.0.1 | 44.00 | NOTE | |||
r-oldrel-windows-x86_64 | 0.0.1 | 13.00 | 120.00 | 133.00 | OK |
Version: 0.0.1
Check: dependencies in R code
Result: NOTE
Namespace in Imports field not imported from: ‘MASS’
All declared Imports should be used.
Flavors: r-devel-linux-x86_64-fedora-clang, r-devel-linux-x86_64-fedora-gcc, r-oldrel-macos-arm64