CRAN Package Check Results for Package mbend

Last updated on 2023-12-03 07:52:01 CET.

Flavor Version Tinstall Tcheck Ttotal Status Flags
r-devel-linux-x86_64-debian-clang 1.3.1 1.87 26.17 28.04 NOTE
r-devel-linux-x86_64-debian-gcc 1.3.1 1.76 20.42 22.18 NOTE
r-devel-linux-x86_64-fedora-clang 1.3.1 37.16 NOTE
r-devel-linux-x86_64-fedora-gcc 1.3.1 45.93 NOTE
r-devel-windows-x86_64 1.3.1 4.00 44.00 48.00 NOTE
r-patched-linux-x86_64 1.3.1 2.32 25.42 27.74 NOTE
r-release-linux-x86_64 1.3.1 1.68 25.51 27.19 NOTE
r-release-macos-arm64 1.3.1 23.00 NOTE
r-release-macos-x86_64 1.3.1 31.00 NOTE
r-release-windows-x86_64 1.3.1 4.00 44.00 48.00 NOTE
r-oldrel-macos-arm64 1.3.1 17.00 NOTE
r-oldrel-macos-x86_64 1.3.1 23.00 NOTE
r-oldrel-windows-x86_64 1.3.1 4.00 46.00 50.00 NOTE

Check Details

Version: 1.3.1
Check: LazyData
Result: NOTE 'LazyData' is specified without a 'data' directory Flavors: r-devel-linux-x86_64-debian-clang, r-devel-linux-x86_64-debian-gcc, r-devel-linux-x86_64-fedora-clang, r-devel-linux-x86_64-fedora-gcc, r-devel-windows-x86_64, r-patched-linux-x86_64, r-release-linux-x86_64, r-release-macos-arm64, r-release-macos-x86_64, r-release-windows-x86_64, r-oldrel-macos-arm64, r-oldrel-macos-x86_64, r-oldrel-windows-x86_64