CRAN Package Check Results for Package mase

Last updated on 2024-07-25 08:50:41 CEST.

Flavor Version Tinstall Tcheck Ttotal Status Flags
r-devel-linux-x86_64-debian-clang 0.1.5.2 70.78 110.49 181.27 OK
r-devel-linux-x86_64-debian-gcc 0.1.5.2 49.17 88.66 137.83 OK
r-devel-linux-x86_64-fedora-clang 0.1.5.2 249.91 OK
r-devel-linux-x86_64-fedora-gcc 0.1.5.2 261.09 OK
r-devel-windows-x86_64 0.1.5.2 56.00 123.00 179.00 OK
r-patched-linux-x86_64 0.1.5.2 OK
r-release-linux-x86_64 0.1.5.2 48.33 114.30 162.63 OK
r-release-macos-arm64 0.1.5.2 56.00 NOTE
r-release-macos-x86_64 0.1.5.2 111.00 NOTE
r-release-windows-x86_64 0.1.5.2 62.00 115.00 177.00 OK
r-oldrel-macos-arm64 0.1.5.2 68.00 NOTE
r-oldrel-macos-x86_64 0.1.5.2 114.00 NOTE
r-oldrel-windows-x86_64 0.1.5.2 69.00 143.00 212.00 OK

Check Details

Version: 0.1.5.2
Check: installed package size
Result: NOTE installed size is 18.9Mb sub-directories of 1Mb or more: libs 18.6Mb Flavors: r-release-macos-arm64, r-release-macos-x86_64, r-oldrel-macos-arm64, r-oldrel-macos-x86_64