CRAN Package Check Results for Package mase

Last updated on 2025-01-18 07:50:36 CET.

Flavor Version Tinstall Tcheck Ttotal Status Flags
r-devel-linux-x86_64-debian-clang 0.1.5.2 54.14 88.20 142.34 OK
r-devel-linux-x86_64-debian-gcc 0.1.5.2 42.90 69.97 112.87 OK
r-devel-linux-x86_64-fedora-clang 0.1.5.2 237.65 OK
r-devel-linux-x86_64-fedora-gcc 0.1.5.2 252.45 OK
r-devel-windows-x86_64 0.1.5.2 56.00 115.00 171.00 OK
r-patched-linux-x86_64 0.1.5.2 58.99 86.79 145.78 OK
r-release-linux-x86_64 0.1.5.2 58.49 88.63 147.12 OK
r-release-macos-arm64 0.1.5.2 56.00 NOTE
r-release-macos-x86_64 0.1.5.2 111.00 NOTE
r-release-windows-x86_64 0.1.5.2 53.00 116.00 169.00 OK
r-oldrel-macos-arm64 0.1.5.2 68.00 NOTE
r-oldrel-macos-x86_64 0.1.5.2 114.00 NOTE
r-oldrel-windows-x86_64 0.1.5.2 63.00 144.00 207.00 OK

Check Details

Version: 0.1.5.2
Check: installed package size
Result: NOTE installed size is 18.9Mb sub-directories of 1Mb or more: libs 18.6Mb Flavors: r-release-macos-arm64, r-release-macos-x86_64, r-oldrel-macos-arm64, r-oldrel-macos-x86_64