Last updated on 2024-03-28 19:48:36 CET.
Flavor | Version | Tinstall | Tcheck | Ttotal | Status | Flags |
---|---|---|---|---|---|---|
r-devel-linux-x86_64-debian-clang | 2.0.8 | 6.02 | 176.41 | 182.43 | NOTE | |
r-devel-linux-x86_64-debian-gcc | 2.0.8 | 4.39 | 121.20 | 125.59 | NOTE | |
r-devel-linux-x86_64-fedora-clang | 2.0.8 | 214.56 | NOTE | |||
r-devel-linux-x86_64-fedora-gcc | 2.0.8 | 218.86 | NOTE | |||
r-devel-windows-x86_64 | 2.0.8 | 8.00 | 146.00 | 154.00 | NOTE | |
r-patched-linux-x86_64 | 2.0.8 | 5.85 | 161.25 | 167.10 | NOTE | |
r-release-linux-x86_64 | 2.0.8 | 4.42 | 165.11 | 169.53 | OK | |
r-release-macos-arm64 | 2.0.8 | 66.00 | OK | |||
r-release-macos-x86_64 | 2.0.8 | 116.00 | OK | |||
r-release-windows-x86_64 | 2.0.8 | 10.00 | 193.00 | 203.00 | OK | |
r-oldrel-macos-arm64 | 2.0.8 | 52.00 | OK | |||
r-oldrel-windows-x86_64 | 2.0.8 | 8.00 | 211.00 | 219.00 | OK |
Version: 2.0.8
Check: Rd files
Result: NOTE
checkRd: (-1) marqLevAlg-package.Rd:14: Lost braces; missing escapes or markup?
14 | (GH^{-1}G).
| ^
Flavors: r-devel-linux-x86_64-debian-clang, r-devel-linux-x86_64-debian-gcc, r-devel-linux-x86_64-fedora-clang, r-devel-linux-x86_64-fedora-gcc, r-devel-windows-x86_64, r-patched-linux-x86_64