Last updated on 2023-12-07 06:51:46 CET.
Flavor | Version | Tinstall | Tcheck | Ttotal | Status | Flags |
---|---|---|---|---|---|---|
r-devel-linux-x86_64-debian-clang | 0.1.4 | 51.24 | 164.99 | 216.23 | OK | |
r-devel-linux-x86_64-debian-gcc | 0.1.4 | 39.67 | 120.13 | 159.80 | OK | |
r-devel-linux-x86_64-fedora-clang | 0.1.4 | 265.34 | NOTE | |||
r-devel-linux-x86_64-fedora-gcc | 0.1.4 | 254.16 | NOTE | |||
r-devel-windows-x86_64 | 0.1.4 | 45.00 | 122.00 | 167.00 | OK | |
r-patched-linux-x86_64 | 0.1.4 | 43.36 | 155.10 | 198.46 | OK | |
r-release-linux-x86_64 | 0.1.4 | 38.08 | 150.04 | 188.12 | OK | |
r-release-macos-arm64 | 0.1.4 | 86.00 | OK | |||
r-release-macos-x86_64 | 0.1.4 | 112.00 | OK | |||
r-release-windows-x86_64 | 0.1.4 | 57.00 | 148.00 | 205.00 | OK | |
r-oldrel-macos-arm64 | 0.1.4 | 84.00 | NOTE | |||
r-oldrel-macos-x86_64 | 0.1.4 | 113.00 | NOTE | |||
r-oldrel-windows-x86_64 | 0.1.4 | 61.00 | 157.00 | 218.00 | OK |
Version: 0.1.4
Check: data for non-ASCII characters
Result: NOTE
Note: found 5210 marked UTF-8 strings
Flavors: r-devel-linux-x86_64-fedora-clang, r-devel-linux-x86_64-fedora-gcc, r-oldrel-macos-arm64, r-oldrel-macos-x86_64