Last updated on 2024-03-29 07:54:48 CET.
Flavor | Version | Tinstall | Tcheck | Ttotal | Status | Flags |
---|---|---|---|---|---|---|
r-devel-linux-x86_64-debian-clang | 0.2.2 | 3.09 | 28.98 | 32.07 | OK | |
r-devel-linux-x86_64-debian-gcc | 0.2.2 | 3.09 | 22.88 | 25.97 | OK | |
r-devel-linux-x86_64-fedora-clang | 0.2.2 | 41.18 | NOTE | |||
r-devel-linux-x86_64-fedora-gcc | 0.2.2 | 41.96 | NOTE | |||
r-devel-windows-x86_64 | 0.2.2 | 5.00 | 46.00 | 51.00 | OK | |
r-patched-linux-x86_64 | 0.2.2 | 3.82 | 28.57 | 32.39 | OK | |
r-release-linux-x86_64 | 0.2.2 | 3.40 | 28.88 | 32.28 | OK | |
r-release-macos-arm64 | 0.2.2 | 27.00 | OK | |||
r-release-macos-x86_64 | 0.2.2 | 35.00 | OK | |||
r-release-windows-x86_64 | 0.2.2 | 5.00 | 48.00 | 53.00 | OK | |
r-oldrel-macos-arm64 | 0.2.2 | 27.00 | OK | |||
r-oldrel-windows-x86_64 | 0.2.2 | 7.00 | 53.00 | 60.00 | OK |
Version: 0.2.2
Check: data for non-ASCII characters
Result: NOTE
Note: found 1056 marked UTF-8 strings
Flavors: r-devel-linux-x86_64-fedora-clang, r-devel-linux-x86_64-fedora-gcc