Last updated on 2023-05-30 20:09:17 CEST.
Flavor | Version | Tinstall | Tcheck | Ttotal | Status | Flags |
---|---|---|---|---|---|---|
r-devel-linux-x86_64-debian-clang | 3.4.1 | 8.57 | 41.54 | 50.11 | OK | |
r-devel-linux-x86_64-debian-gcc | 3.4.1 | 6.20 | 32.14 | 38.34 | OK | |
r-devel-linux-x86_64-fedora-clang | 3.4.1 | 65.09 | NOTE | |||
r-devel-linux-x86_64-fedora-gcc | 3.4.1 | 62.26 | OK | |||
r-devel-windows-x86_64 | 3.4.1 | 16.00 | 60.00 | 76.00 | OK | |
r-patched-linux-x86_64 | 3.4.1 | 9.09 | 39.25 | 48.34 | OK | |
r-release-linux-x86_64 | 3.4.1 | 7.86 | 39.33 | 47.19 | OK | |
r-release-macos-arm64 | 3.4.1 | 33.00 | OK | |||
r-release-macos-x86_64 | 3.4.1 | 45.00 | OK | |||
r-release-windows-x86_64 | 3.4.1 | 18.00 | 66.00 | 84.00 | OK | |
r-oldrel-macos-arm64 | 3.4.1 | 27.00 | OK | |||
r-oldrel-macos-x86_64 | 3.4.1 | 63.00 | OK | |||
r-oldrel-windows-x86_64 | 3.4.1 | 19.00 | 66.00 | 85.00 | OK |
Version: 3.4.1
Check: Rd cross-references
Result: NOTE
Undeclared package ‘rgdal’ in Rd xrefs
Flavor: r-devel-linux-x86_64-fedora-clang