Last updated on 2024-04-19 19:50:18 CEST.
Flavor | Version | Tinstall | Tcheck | Ttotal | Status | Flags |
---|---|---|---|---|---|---|
r-devel-linux-x86_64-debian-clang | 1.0.0 | 114.03 | 106.93 | 220.96 | OK | |
r-devel-linux-x86_64-debian-gcc | 1.0.0 | OK | ||||
r-devel-linux-x86_64-fedora-clang | 1.0.0 | 302.17 | OK | |||
r-devel-linux-x86_64-fedora-gcc | 1.0.0 | 308.17 | OK | |||
r-prerel-macos-arm64 | 1.0.0 | 68.00 | NOTE | |||
r-prerel-windows-x86_64 | 1.0.0 | 91.00 | 125.00 | 216.00 | OK | |
r-patched-linux-x86_64 | 1.0.0 | 115.98 | 101.48 | 217.46 | OK | |
r-release-linux-x86_64 | 1.0.0 | 113.07 | 106.30 | 219.37 | OK | |
r-release-macos-arm64 | 1.0.0 | 80.00 | NOTE | |||
r-release-macos-x86_64 | 1.0.0 | 141.00 | NOTE | |||
r-release-windows-x86_64 | 1.0.0 | 112.00 | 150.00 | 262.00 | OK | |
r-oldrel-macos-arm64 | 1.0.0 | 76.00 | NOTE | |||
r-oldrel-windows-x86_64 | 1.0.0 | 104.00 | 141.00 | 245.00 | OK |
Version: 1.0.0
Check: installed package size
Result: NOTE
installed size is 5.8Mb
sub-directories of 1Mb or more:
libs 5.1Mb
Flavors: r-prerel-macos-arm64, r-release-macos-arm64, r-release-macos-x86_64, r-oldrel-macos-arm64