CRAN Package Check Results for Package manifold

Last updated on 2023-05-29 20:00:27 CEST.

Flavor Version Tinstall Tcheck Ttotal Status Flags
r-devel-linux-x86_64-debian-clang 0.1.1 62.54 87.46 150.00 NOTE
r-devel-linux-x86_64-debian-gcc 0.1.1 50.04 66.35 116.39 NOTE
r-devel-linux-x86_64-fedora-clang 0.1.1 203.66 NOTE
r-devel-linux-x86_64-fedora-gcc 0.1.1 201.11 NOTE
r-devel-windows-x86_64 0.1.1 50.00 100.00 150.00 NOTE
r-patched-linux-x86_64 0.1.1 51.19 83.52 134.71 NOTE
r-release-linux-x86_64 0.1.1 52.92 82.48 135.40 NOTE
r-release-macos-arm64 0.1.1 56.00 NOTE
r-release-macos-x86_64 0.1.1 93.00 NOTE
r-release-windows-x86_64 0.1.1 66.00 122.00 188.00 NOTE
r-oldrel-macos-arm64 0.1.1 50.00 OK
r-oldrel-macos-x86_64 0.1.1 65.00 OK
r-oldrel-windows-x86_64 0.1.1 60.00 110.00 170.00 OK

Check Details

Version: 0.1.1
Check: C++ specification
Result: NOTE
     Specified C++11: please drop specification unless essential
Flavors: r-devel-linux-x86_64-debian-clang, r-devel-linux-x86_64-debian-gcc, r-devel-linux-x86_64-fedora-clang, r-devel-linux-x86_64-fedora-gcc, r-devel-windows-x86_64, r-patched-linux-x86_64, r-release-linux-x86_64, r-release-macos-arm64, r-release-macos-x86_64, r-release-windows-x86_64