Last updated on 2023-05-29 20:00:27 CEST.
Flavor | Version | Tinstall | Tcheck | Ttotal | Status | Flags |
---|---|---|---|---|---|---|
r-devel-linux-x86_64-debian-clang | 1.0.2 | 318.91 | 99.00 | 417.91 | NOTE | |
r-devel-linux-x86_64-debian-gcc | 1.0.2 | 257.84 | 74.35 | 332.19 | NOTE | |
r-devel-linux-x86_64-fedora-clang | 1.0.2 | 653.63 | NOTE | |||
r-devel-linux-x86_64-fedora-gcc | 1.0.2 | 654.83 | NOTE | |||
r-devel-windows-x86_64 | 1.0.2 | 244.00 | 124.00 | 368.00 | NOTE | |
r-patched-linux-x86_64 | 1.0.2 | 254.73 | 92.57 | 347.30 | NOTE | |
r-release-linux-x86_64 | 1.0.2 | 211.19 | 93.50 | 304.69 | NOTE | |
r-release-macos-arm64 | 1.0.2 | 140.00 | NOTE | |||
r-release-macos-x86_64 | 1.0.2 | 246.00 | NOTE | |||
r-release-windows-x86_64 | 1.0.2 | 318.00 | 158.00 | 476.00 | NOTE | |
r-oldrel-macos-arm64 | 1.0.2 | 141.00 | NOTE | |||
r-oldrel-macos-x86_64 | 1.0.2 | 234.00 | NOTE | |||
r-oldrel-windows-x86_64 | 1.0.2 | 308.00 | 140.00 | 448.00 | OK |
Version: 1.0.2
Check: C++ specification
Result: NOTE
Specified C++11: please drop specification unless essential
Flavors: r-devel-linux-x86_64-debian-clang, r-devel-linux-x86_64-debian-gcc, r-devel-linux-x86_64-fedora-clang, r-devel-linux-x86_64-fedora-gcc, r-devel-windows-x86_64, r-patched-linux-x86_64, r-release-linux-x86_64, r-release-macos-arm64, r-release-macos-x86_64, r-release-windows-x86_64
Version: 1.0.2
Check: installed package size
Result: NOTE
installed size is 10.9Mb
sub-directories of 1Mb or more:
libs 9.9Mb
Flavors: r-release-macos-arm64, r-release-macos-x86_64, r-oldrel-macos-arm64, r-oldrel-macos-x86_64
Version: 1.0.2
Check: package dependencies
Result: NOTE
Packages suggested but not available for checking: 'ggraph', 'Rmpfr'
Flavor: r-release-macos-x86_64