Last updated on 2024-03-29 07:54:48 CET.
Flavor | Version | Tinstall | Tcheck | Ttotal | Status | Flags |
---|---|---|---|---|---|---|
r-devel-linux-x86_64-debian-clang | 1.2.2 | 366.00 | 144.77 | 510.77 | OK | |
r-devel-linux-x86_64-debian-gcc | 1.2.2 | 309.37 | 106.64 | 416.01 | OK | |
r-devel-linux-x86_64-fedora-clang | 1.2.2 | 758.42 | OK | |||
r-devel-linux-x86_64-fedora-gcc | 1.2.2 | 810.57 | OK | |||
r-devel-windows-x86_64 | 1.2.2 | 290.00 | 161.00 | 451.00 | OK | |
r-patched-linux-x86_64 | 1.2.2 | 403.22 | 141.47 | 544.69 | OK | |
r-release-linux-x86_64 | 1.2.2 | 362.61 | 143.28 | 505.89 | OK | |
r-release-macos-arm64 | 1.2.2 | 183.00 | NOTE | |||
r-release-macos-x86_64 | 1.2.2 | 200.00 | NOTE | |||
r-release-windows-x86_64 | 1.2.2 | 353.00 | 181.00 | 534.00 | OK | |
r-oldrel-macos-arm64 | 1.2.2 | 171.00 | NOTE | |||
r-oldrel-windows-x86_64 | 1.2.2 | 335.00 | 186.00 | 521.00 | OK |
Version: 1.2.2
Check: installed package size
Result: NOTE
installed size is 26.5Mb
sub-directories of 1Mb or more:
libs 25.1Mb
Flavors: r-release-macos-arm64, r-release-macos-x86_64, r-oldrel-macos-arm64