Last updated on 2023-06-07 20:04:45 CEST.
Flavor | Version | Tinstall | Tcheck | Ttotal | Status | Flags |
---|---|---|---|---|---|---|
r-devel-linux-x86_64-debian-clang | 1.2.2 | 348.43 | 145.42 | 493.85 | OK | |
r-devel-linux-x86_64-debian-gcc | 1.2.2 | 286.25 | 105.57 | 391.82 | OK | |
r-devel-linux-x86_64-fedora-clang | 1.2.2 | 752.81 | OK | |||
r-devel-linux-x86_64-fedora-gcc | 1.2.2 | 797.66 | OK | |||
r-devel-windows-x86_64 | 1.2.2 | 269.00 | 165.00 | 434.00 | OK | |
r-patched-linux-x86_64 | 1.2.2 | 305.43 | 140.11 | 445.54 | OK | |
r-release-linux-x86_64 | 1.2.2 | 318.90 | 138.12 | 457.02 | OK | |
r-release-macos-arm64 | 1.2.2 | 183.00 | NOTE | |||
r-release-macos-x86_64 | 1.2.1 | 306.00 | NOTE | |||
r-release-windows-x86_64 | 1.2.2 | 347.00 | 184.00 | 531.00 | OK | |
r-oldrel-macos-arm64 | 1.2.2 | 171.00 | NOTE | |||
r-oldrel-macos-x86_64 | 1.2.2 | 215.00 | NOTE | |||
r-oldrel-windows-x86_64 | 1.2.2 | 332.00 | 179.00 | 511.00 | OK |
Version: 1.2.2
Check: installed package size
Result: NOTE
installed size is 26.5Mb
sub-directories of 1Mb or more:
libs 25.1Mb
Flavors: r-release-macos-arm64, r-oldrel-macos-arm64, r-oldrel-macos-x86_64
Version: 1.2.1
Check: C++ specification
Result: NOTE
Specified C++11: please drop specification unless essential
Flavor: r-release-macos-x86_64
Version: 1.2.1
Check: installed package size
Result: NOTE
installed size is 23.7Mb
sub-directories of 1Mb or more:
libs 22.4Mb
Flavor: r-release-macos-x86_64