CRAN Package Check Results for Package macrocol

Last updated on 2023-10-01 08:52:03 CEST.

Flavor Version Tinstall Tcheck Ttotal Status Flags
r-devel-linux-x86_64-debian-clang 0.1.0 2.44 21.60 24.04 OK
r-devel-linux-x86_64-debian-gcc 0.1.0 1.95 17.27 19.22 OK
r-devel-linux-x86_64-fedora-clang 0.1.0 30.60 NOTE
r-devel-linux-x86_64-fedora-gcc 0.1.0 29.50 NOTE
r-devel-windows-x86_64 0.1.0 4.00 42.00 46.00 OK
r-patched-linux-x86_64 0.1.0 1.60 22.65 24.25 OK
r-release-linux-x86_64 0.1.0 1.59 21.48 23.07 OK
r-release-macos-arm64 0.1.0 15.00 OK
r-release-macos-x86_64 0.1.0 17.00 OK
r-release-windows-x86_64 0.1.0 5.00 39.00 44.00 OK
r-oldrel-macos-arm64 0.1.0 15.00 NOTE
r-oldrel-macos-x86_64 0.1.0 20.00 NOTE
r-oldrel-windows-x86_64 0.1.0 6.00 43.00 49.00 OK

Check Details

Version: 0.1.0
Check: dependencies in R code
Result: NOTE
    Namespace in Imports field not imported from: ‘R.utils’
     All declared Imports should be used.
Flavors: r-devel-linux-x86_64-fedora-clang, r-devel-linux-x86_64-fedora-gcc, r-oldrel-macos-arm64, r-oldrel-macos-x86_64