Last updated on 2023-05-30 09:00:40 CEST.
Flavor | Version | Tinstall | Tcheck | Ttotal | Status | Flags |
---|---|---|---|---|---|---|
r-devel-linux-x86_64-debian-clang | 1.2.2 | 50.88 | 158.44 | 209.32 | NOTE | |
r-devel-linux-x86_64-debian-gcc | 1.2.2 | 42.12 | 129.80 | 171.92 | NOTE | |
r-devel-linux-x86_64-fedora-clang | 1.2.2 | 295.31 | NOTE | |||
r-devel-linux-x86_64-fedora-gcc | 1.2.2 | 279.04 | NOTE | |||
r-devel-windows-x86_64 | 1.2.2 | 43.00 | 158.00 | 201.00 | NOTE | |
r-patched-linux-x86_64 | 1.2.2 | 44.96 | 159.82 | 204.78 | NOTE | |
r-release-linux-x86_64 | 1.2.2 | 44.22 | 162.11 | 206.33 | NOTE | |
r-release-macos-arm64 | 1.2.2 | 75.00 | NOTE | |||
r-release-macos-x86_64 | 1.2.2 | 128.00 | NOTE | |||
r-release-windows-x86_64 | 1.2.2 | 58.00 | 195.00 | 253.00 | NOTE | |
r-oldrel-macos-arm64 | 1.2.2 | 76.00 | OK | |||
r-oldrel-macos-x86_64 | 1.2.2 | 119.00 | OK | |||
r-oldrel-windows-x86_64 | 1.2.2 | 58.00 | 184.00 | 242.00 | OK |
Version: 1.2.2
Check: C++ specification
Result: NOTE
Specified C++11: please drop specification unless essential
Flavors: r-devel-linux-x86_64-debian-clang, r-devel-linux-x86_64-debian-gcc, r-devel-linux-x86_64-fedora-clang, r-devel-linux-x86_64-fedora-gcc, r-devel-windows-x86_64, r-patched-linux-x86_64, r-release-linux-x86_64, r-release-macos-arm64, r-release-macos-x86_64, r-release-windows-x86_64