Last updated on 2024-04-19 19:50:19 CEST.
Flavor | Version | Tinstall | Tcheck | Ttotal | Status | Flags |
---|---|---|---|---|---|---|
r-devel-linux-x86_64-debian-clang | 1.2.2 | 59.92 | 165.57 | 225.49 | NOTE | |
r-devel-linux-x86_64-debian-gcc | 1.2.2 | NOTE | ||||
r-devel-linux-x86_64-fedora-clang | 1.2.2 | 309.00 | NOTE | |||
r-devel-linux-x86_64-fedora-gcc | 1.2.2 | 292.12 | NOTE | |||
r-prerel-macos-arm64 | 1.2.2 | 78.00 | NOTE | |||
r-prerel-macos-x86_64 | 1.2.2 | 136.00 | NOTE | |||
r-prerel-windows-x86_64 | 1.2.2 | 47.00 | 161.00 | 208.00 | NOTE | |
r-patched-linux-x86_64 | 1.2.2 | 37.99 | 172.42 | 210.41 | NOTE | |
r-release-linux-x86_64 | 1.2.2 | 48.83 | 153.45 | 202.28 | NOTE | |
r-release-macos-arm64 | 1.2.2 | 75.00 | NOTE | |||
r-release-macos-x86_64 | 1.2.2 | 128.00 | NOTE | |||
r-release-windows-x86_64 | 1.2.2 | 59.00 | 199.00 | 258.00 | NOTE | |
r-oldrel-macos-arm64 | 1.2.2 | 76.00 | OK | |||
r-oldrel-windows-x86_64 | 1.2.2 | 60.00 | 191.00 | 251.00 | OK |
Version: 1.2.2
Check: C++ specification
Result: NOTE
Specified C++11: please drop specification unless essential
Flavors: r-devel-linux-x86_64-debian-clang, r-devel-linux-x86_64-debian-gcc, r-devel-linux-x86_64-fedora-clang, r-devel-linux-x86_64-fedora-gcc, r-prerel-macos-arm64, r-prerel-macos-x86_64, r-prerel-windows-x86_64, r-patched-linux-x86_64, r-release-linux-x86_64, r-release-macos-arm64, r-release-macos-x86_64, r-release-windows-x86_64