Last updated on 2023-06-07 20:04:45 CEST.
Flavor | Version | Tinstall | Tcheck | Ttotal | Status | Flags |
---|---|---|---|---|---|---|
r-devel-linux-x86_64-debian-clang | 1.0.2 | 34.31 | 77.12 | 111.43 | NOTE | |
r-devel-linux-x86_64-debian-gcc | 1.0.2 | 25.85 | 57.55 | 83.40 | NOTE | |
r-devel-linux-x86_64-fedora-clang | 1.0.2 | 156.03 | NOTE | |||
r-devel-linux-x86_64-fedora-gcc | 1.0.2 | 159.34 | NOTE | |||
r-devel-windows-x86_64 | 1.0.2 | 31.00 | 94.00 | 125.00 | NOTE | |
r-patched-linux-x86_64 | 1.0.2 | 32.58 | 72.41 | 104.99 | NOTE | |
r-release-linux-x86_64 | 1.0.2 | 21.46 | 72.48 | 93.94 | NOTE | |
r-release-macos-arm64 | 1.0.2 | 50.00 | NOTE | |||
r-release-macos-x86_64 | 1.0.2 | 79.00 | NOTE | |||
r-release-windows-x86_64 | 1.0.2 | 38.00 | 116.00 | 154.00 | NOTE | |
r-oldrel-macos-arm64 | 1.0.2 | 39.00 | NOTE | |||
r-oldrel-macos-x86_64 | 1.0.2 | 74.00 | NOTE | |||
r-oldrel-windows-x86_64 | 1.0.2 | 35.00 | 110.00 | 145.00 | NOTE |
Version: 1.0.2
Check: LazyData
Result: NOTE
'LazyData' is specified without a 'data' directory
Flavors: r-devel-linux-x86_64-debian-clang, r-devel-linux-x86_64-debian-gcc, r-devel-linux-x86_64-fedora-clang, r-devel-linux-x86_64-fedora-gcc, r-devel-windows-x86_64, r-patched-linux-x86_64, r-release-linux-x86_64, r-release-macos-arm64, r-release-macos-x86_64, r-release-windows-x86_64, r-oldrel-macos-arm64, r-oldrel-macos-x86_64, r-oldrel-windows-x86_64