Last updated on 2024-03-28 07:52:54 CET.
Flavor | Version | Tinstall | Tcheck | Ttotal | Status | Flags |
---|---|---|---|---|---|---|
r-devel-linux-x86_64-debian-clang | 1.2 | 83.27 | 35.93 | 119.20 | NOTE | |
r-devel-linux-x86_64-debian-gcc | 1.2 | 71.77 | 28.54 | 100.31 | NOTE | |
r-devel-linux-x86_64-fedora-clang | 1.2 | 180.82 | NOTE | |||
r-devel-linux-x86_64-fedora-gcc | 1.2 | 183.65 | NOTE | |||
r-devel-windows-x86_64 | 1.2 | 65.00 | 80.00 | 145.00 | NOTE | |
r-patched-linux-x86_64 | 1.2 | 85.08 | 36.14 | 121.22 | NOTE | |
r-release-linux-x86_64 | 1.2 | 82.51 | 35.88 | 118.39 | NOTE | |
r-release-macos-arm64 | 1.2 | 47.00 | NOTE | |||
r-release-macos-x86_64 | 1.2 | 77.00 | NOTE | |||
r-release-windows-x86_64 | 1.2 | 83.00 | 82.00 | 165.00 | NOTE | |
r-oldrel-macos-arm64 | 1.2 | 47.00 | OK | |||
r-oldrel-windows-x86_64 | 1.2 | 82.00 | 89.00 | 171.00 | OK |
Version: 1.2
Check: C++ specification
Result: NOTE
Specified C++11: please drop specification unless essential
Flavors: r-devel-linux-x86_64-debian-clang, r-devel-linux-x86_64-debian-gcc, r-devel-linux-x86_64-fedora-clang, r-devel-linux-x86_64-fedora-gcc, r-devel-windows-x86_64, r-patched-linux-x86_64, r-release-linux-x86_64, r-release-macos-arm64, r-release-macos-x86_64, r-release-windows-x86_64
Version: 1.2
Check: Rd files
Result: NOTE
checkRd: (-1) StEM_pcirt.Rd:11: Lost braces; missing escapes or markup?
11 | \item{response}{N by J matrix containing {0,1,...,M-1} responses, where N is the number of respondents and J is the number of items.}
| ^
Flavors: r-devel-linux-x86_64-debian-clang, r-devel-linux-x86_64-debian-gcc, r-devel-linux-x86_64-fedora-clang, r-devel-linux-x86_64-fedora-gcc, r-devel-windows-x86_64