CRAN Package Check Results for Package lvmcomp

Last updated on 2023-05-29 20:00:27 CEST.

Flavor Version Tinstall Tcheck Ttotal Status Flags
r-devel-linux-x86_64-debian-clang 1.2 93.50 37.83 131.33 NOTE
r-devel-linux-x86_64-debian-gcc 1.2 64.76 28.38 93.14 NOTE
r-devel-linux-x86_64-fedora-clang 1.2 184.51 NOTE
r-devel-linux-x86_64-fedora-gcc 1.2 178.69 NOTE
r-devel-windows-x86_64 1.2 65.00 81.00 146.00 NOTE
r-patched-linux-x86_64 1.2 66.66 35.93 102.59 NOTE
r-release-linux-x86_64 1.2 64.18 35.78 99.96 NOTE
r-release-macos-arm64 1.2 47.00 NOTE
r-release-macos-x86_64 1.2 77.00 NOTE
r-release-windows-x86_64 1.2 86.00 88.00 174.00 NOTE
r-oldrel-macos-arm64 1.2 47.00 OK
r-oldrel-macos-x86_64 1.2 58.00 OK
r-oldrel-windows-x86_64 1.2 83.00 82.00 165.00 OK

Check Details

Version: 1.2
Check: C++ specification
Result: NOTE
     Specified C++11: please drop specification unless essential
Flavors: r-devel-linux-x86_64-debian-clang, r-devel-linux-x86_64-debian-gcc, r-devel-linux-x86_64-fedora-clang, r-devel-linux-x86_64-fedora-gcc, r-devel-windows-x86_64, r-patched-linux-x86_64, r-release-linux-x86_64, r-release-macos-arm64, r-release-macos-x86_64, r-release-windows-x86_64