Last updated on 2023-09-22 08:55:50 CEST.
Flavor | Version | Tinstall | Tcheck | Ttotal | Status | Flags |
---|---|---|---|---|---|---|
r-devel-linux-x86_64-debian-clang | 0.2.0 | 1.88 | 27.42 | 29.30 | NOTE | |
r-devel-linux-x86_64-debian-gcc | 0.2.0 | 1.77 | 21.52 | 23.29 | NOTE | |
r-devel-linux-x86_64-fedora-clang | 0.2.0 | 37.56 | NOTE | |||
r-devel-linux-x86_64-fedora-gcc | 0.2.0 | 48.09 | NOTE | |||
r-devel-windows-x86_64 | 0.2.0 | 3.00 | 47.00 | 50.00 | NOTE | |
r-patched-linux-x86_64 | 0.2.0 | 2.25 | 26.78 | 29.03 | NOTE | |
r-release-linux-x86_64 | 0.2.0 | 2.10 | 26.80 | 28.90 | NOTE | |
r-release-macos-arm64 | 0.2.0 | 24.00 | NOTE | |||
r-release-macos-x86_64 | 0.2.0 | 33.00 | NOTE | |||
r-release-windows-x86_64 | 0.2.0 | 3.00 | 45.00 | 48.00 | NOTE | |
r-oldrel-macos-arm64 | 0.2.0 | 20.00 | NOTE | |||
r-oldrel-macos-x86_64 | 0.2.0 | 24.00 | NOTE | |||
r-oldrel-windows-x86_64 | 0.2.0 | 6.00 | 47.00 | 53.00 | NOTE |
Version: 0.2.0
Check: Rd \usage sections
Result: NOTE
Documented arguments not in \usage in documentation object 'setlogdata':
‘logdata’
Functions with \usage entries need to have the appropriate \alias
entries, and all their arguments documented.
The \usage entries must correspond to syntactically valid R code.
See chapter ‘Writing R documentation files’ in the ‘Writing R
Extensions’ manual.
Flavors: r-devel-linux-x86_64-debian-clang, r-devel-linux-x86_64-debian-gcc, r-devel-linux-x86_64-fedora-clang, r-devel-linux-x86_64-fedora-gcc, r-devel-windows-x86_64
Version: 0.2.0
Check: LazyData
Result: NOTE
'LazyData' is specified without a 'data' directory
Flavors: r-devel-linux-x86_64-debian-clang, r-devel-linux-x86_64-debian-gcc, r-devel-linux-x86_64-fedora-clang, r-devel-linux-x86_64-fedora-gcc, r-devel-windows-x86_64, r-patched-linux-x86_64, r-release-linux-x86_64, r-release-macos-arm64, r-release-macos-x86_64, r-release-windows-x86_64, r-oldrel-macos-arm64, r-oldrel-macos-x86_64, r-oldrel-windows-x86_64
Version: 0.2.0
Check: for non-standard things in the check directory
Result: NOTE
Found the following files/directories:
‘test’
Flavors: r-devel-linux-x86_64-debian-clang, r-devel-linux-x86_64-debian-gcc, r-devel-linux-x86_64-fedora-clang, r-devel-linux-x86_64-fedora-gcc, r-patched-linux-x86_64, r-release-linux-x86_64