CRAN Package Check Results for Package lsl

Last updated on 2023-10-04 08:01:42 CEST.

Flavor Version Tinstall Tcheck Ttotal Status Flags
r-devel-linux-x86_64-debian-clang 0.5.6 9.44 64.83 74.27 NOTE
r-devel-linux-x86_64-debian-gcc 0.5.6 6.69 49.12 55.81 NOTE
r-devel-linux-x86_64-fedora-clang 0.5.6 88.79 NOTE
r-devel-linux-x86_64-fedora-gcc 0.5.6 87.44 NOTE
r-devel-windows-x86_64 0.5.6 9.00 65.00 74.00 NOTE
r-patched-linux-x86_64 0.5.6 7.98 60.58 68.56 NOTE
r-release-linux-x86_64 0.5.6 8.49 62.37 70.86 NOTE
r-release-macos-arm64 0.5.6 31.00 NOTE
r-release-macos-x86_64 0.5.6 47.00 NOTE
r-release-windows-x86_64 0.5.6 11.00 72.00 83.00 NOTE
r-oldrel-macos-arm64 0.5.6 31.00 NOTE
r-oldrel-macos-x86_64 0.5.6 54.00 NOTE
r-oldrel-windows-x86_64 0.5.6 13.00 75.00 88.00 NOTE

Check Details

Version: 0.5.6
Check: LazyData
Result: NOTE
     'LazyData' is specified without a 'data' directory
Flavors: r-devel-linux-x86_64-debian-clang, r-devel-linux-x86_64-debian-gcc, r-devel-linux-x86_64-fedora-clang, r-devel-linux-x86_64-fedora-gcc, r-devel-windows-x86_64, r-patched-linux-x86_64, r-release-linux-x86_64, r-release-macos-arm64, r-release-macos-x86_64, r-release-windows-x86_64, r-oldrel-macos-arm64, r-oldrel-macos-x86_64, r-oldrel-windows-x86_64