CRAN Package Check Results for Package lsa

Last updated on 2023-09-27 08:02:37 CEST.

Flavor Version Tinstall Tcheck Ttotal Status Flags
r-devel-linux-x86_64-debian-clang 0.73.3 3.42 39.32 42.74 NOTE
r-devel-linux-x86_64-debian-gcc 0.73.3 2.31 31.51 33.82 NOTE
r-devel-linux-x86_64-fedora-clang 0.73.3 52.77 NOTE
r-devel-linux-x86_64-fedora-gcc 0.73.3 52.41 NOTE
r-devel-windows-x86_64 0.73.3 3.00 63.00 66.00 NOTE
r-patched-linux-x86_64 0.73.3 3.64 38.56 42.20 NOTE
r-release-linux-x86_64 0.73.3 3.96 39.72 43.68 NOTE
r-release-macos-arm64 0.73.3 28.00 NOTE
r-release-macos-x86_64 0.73.3 32.00 NOTE
r-release-windows-x86_64 0.73.3 5.00 63.00 68.00 NOTE
r-oldrel-macos-arm64 0.73.3 24.00 OK
r-oldrel-macos-x86_64 0.73.3 30.00 NOTE
r-oldrel-windows-x86_64 0.73.3 6.00 64.00 70.00 OK

Check Details

Version: 0.73.3
Check: Rd files
Result: NOTE
    checkRd: (-1) specialchars.Rd:6: Escaped LaTeX specials: \&
Flavors: r-devel-linux-x86_64-debian-clang, r-devel-linux-x86_64-debian-gcc, r-devel-linux-x86_64-fedora-clang, r-devel-linux-x86_64-fedora-gcc, r-devel-windows-x86_64, r-patched-linux-x86_64, r-release-linux-x86_64, r-release-macos-arm64, r-release-macos-x86_64, r-release-windows-x86_64

Version: 0.73.3
Check: data for non-ASCII characters
Result: NOTE
     Note: found 143 marked Latin-1 strings
     Note: found 833 marked UTF-8 strings
Flavors: r-devel-linux-x86_64-fedora-clang, r-devel-linux-x86_64-fedora-gcc, r-oldrel-macos-x86_64