Last updated on 2024-03-29 07:54:47 CET.
Flavor | Version | Tinstall | Tcheck | Ttotal | Status | Flags |
---|---|---|---|---|---|---|
r-devel-linux-x86_64-debian-clang | 1.3.3 | 29.27 | 335.64 | 364.91 | WARN | |
r-devel-linux-x86_64-debian-gcc | 1.3.3 | 21.93 | 237.19 | 259.12 | WARN | |
r-devel-linux-x86_64-fedora-clang | 1.3.3 | 444.49 | WARN | |||
r-devel-linux-x86_64-fedora-gcc | 1.3.3 | 455.53 | WARN | |||
r-devel-windows-x86_64 | 1.3.3 | 17.00 | 321.00 | 338.00 | WARN | |
r-patched-linux-x86_64 | 1.3.3 | 24.26 | 324.10 | 348.36 | WARN | |
r-release-linux-x86_64 | 1.3.3 | 13.74 | 294.93 | 308.67 | WARN | |
r-release-macos-arm64 | 1.3.3 | 172.00 | OK | |||
r-release-macos-x86_64 | 1.3.3 | 284.00 | OK | |||
r-release-windows-x86_64 | 1.3.3 | 23.00 | 356.00 | 379.00 | WARN | |
r-oldrel-macos-arm64 | 1.3.3 | 360.00 | OK | |||
r-oldrel-windows-x86_64 | 1.3.3 | 24.00 | 361.00 | 385.00 | WARN |
Version: 1.3.3
Check: whether package can be installed
Result: WARN
Found the following significant warnings:
Warning: replacing previous import ‘ggmulti::coord_radial’ by ‘ggplot2::coord_radial’ when loading ‘loon.ggplot’
Flavors: r-devel-linux-x86_64-debian-clang, r-devel-linux-x86_64-debian-gcc, r-devel-linux-x86_64-fedora-clang, r-devel-linux-x86_64-fedora-gcc, r-devel-windows-x86_64, r-patched-linux-x86_64, r-release-linux-x86_64, r-release-windows-x86_64, r-oldrel-windows-x86_64
Version: 1.3.3
Check: dependencies in R code
Result: NOTE
Namespace in Imports field not imported from: ‘cli’
All declared Imports should be used.
Flavors: r-devel-linux-x86_64-fedora-clang, r-devel-linux-x86_64-fedora-gcc